{"id":746,"date":"2021-01-18T18:23:13","date_gmt":"2021-01-18T17:23:13","guid":{"rendered":"http:\/\/lifebase.org.w0206e66.kasserver.com\/wp1\/?page_id=746"},"modified":"2026-03-05T17:49:07","modified_gmt":"2026-03-05T16:49:07","slug":"krea-tief","status":"publish","type":"page","link":"https:\/\/www.lifebase.org\/wp1\/krea-tief\/","title":{"rendered":"krea.tief"},"content":{"rendered":"\n<p>Manchmal tut es gut, einfach unter M\u00e4dels zu sein. Gemeinsam wollen wir einen Raum f\u00fcr Kreativit\u00e4t schaffen, dabei gute Gespr\u00e4che f\u00fchren und neue Freundschaften schlie\u00dfen. In unregelm\u00e4\u00dfigen Abst\u00e4nden treffen wir uns in lockerer Atmosph\u00e4re bei Snacks und Getr\u00e4nken und besch\u00e4ftigen uns neben den kreativen Basteleien zudem mit einem interessanten Thema. Nach einem Impuls besteht die M\u00f6glichkeit eigene Erfahrungen zu teilen, sich auszutauschen, einander zu tr\u00f6sten und zu ermutigen. Wir wollen zusammen tiefer gehen, zusammen geistlich wachsen \u2013 im wahrsten Sinne des Wortes &#8222;krea.tief&#8220; sein. <\/p>\n","protected":false},"excerpt":{"rendered":"<p>Manchmal tut es gut, einfach unter M\u00e4dels zu sein. Gemeinsam wollen wir einen Raum f\u00fcr Kreativit\u00e4t schaffen, dabei gute Gespr\u00e4che f\u00fchren und neue Freundschaften schlie\u00dfen. In unregelm\u00e4\u00dfigen Abst\u00e4nden treffen wir uns in lockerer Atmosph\u00e4re bei Snacks und Getr\u00e4nken und besch\u00e4ftigen uns neben den kreativen Basteleien zudem mit einem interessanten Thema. Nach einem Impuls besteht die &hellip; <\/p>\n<p class=\"link-more\"><a href=\"https:\/\/www.lifebase.org\/wp1\/krea-tief\/\" class=\"more-link\"><span class=\"screen-reader-text\">\u201ekrea.tief\u201c<\/span> weiterlesen<\/a><\/p>\n","protected":false},"author":5,"featured_media":698,"parent":0,"menu_order":0,"comment_status":"closed","ping_status":"closed","template":"","meta":{"footnotes":""},"class_list":["post-746","page","type-page","status-publish","has-post-thumbnail","hentry"],"yoast_head":"<!-- This site is optimized with the Yoast SEO plugin v27.4 - https:\/\/yoast.com\/product\/yoast-seo-wordpress\/ -->\n<title>krea.tief -<\/title>\n<meta name=\"robots\" content=\"index, follow, max-snippet:-1, max-image-preview:large, max-video-preview:-1\" \/>\n<link rel=\"canonical\" href=\"https:\/\/www.lifebase.org\/wp1\/krea-tief\/\" \/>\n<meta property=\"og:locale\" content=\"de_DE\" \/>\n<meta property=\"og:type\" content=\"article\" \/>\n<meta property=\"og:title\" content=\"krea.tief -\" \/>\n<meta property=\"og:description\" content=\"Manchmal tut es gut, einfach unter M\u00e4dels zu sein. Gemeinsam wollen wir einen Raum f\u00fcr Kreativit\u00e4t schaffen, dabei gute Gespr\u00e4che f\u00fchren und neue Freundschaften schlie\u00dfen. In unregelm\u00e4\u00dfigen Abst\u00e4nden treffen wir uns in lockerer Atmosph\u00e4re bei Snacks und Getr\u00e4nken und besch\u00e4ftigen uns neben den kreativen Basteleien zudem mit einem interessanten Thema. Nach einem Impuls besteht die &hellip; \u201ekrea.tief\u201c weiterlesen\" \/>\n<meta property=\"og:url\" content=\"https:\/\/www.lifebase.org\/wp1\/krea-tief\/\" \/>\n<meta property=\"article:modified_time\" content=\"2026-03-05T16:49:07+00:00\" \/>\n<meta property=\"og:image\" content=\"https:\/\/www.lifebase.org\/wp1\/wp-content\/uploads\/2021\/01\/HP_kreatief_900.jpg\" \/>\n\t<meta property=\"og:image:width\" content=\"900\" \/>\n\t<meta property=\"og:image:height\" content=\"564\" \/>\n\t<meta property=\"og:image:type\" content=\"image\/jpeg\" \/>\n<meta name=\"twitter:card\" content=\"summary_large_image\" \/>\n<meta name=\"twitter:label1\" content=\"Gesch\u00e4tzte Lesezeit\" \/>\n\t<meta name=\"twitter:data1\" content=\"1\u00a0Minute\" \/>\n<script type=\"application\/ld+json\" class=\"yoast-schema-graph\">{\"@context\":\"https:\\\/\\\/schema.org\",\"@graph\":[{\"@type\":\"WebPage\",\"@id\":\"https:\\\/\\\/www.lifebase.org\\\/wp1\\\/krea-tief\\\/\",\"url\":\"https:\\\/\\\/www.lifebase.org\\\/wp1\\\/krea-tief\\\/\",\"name\":\"krea.tief -\",\"isPartOf\":{\"@id\":\"https:\\\/\\\/www.lifebase.org\\\/wp1\\\/#website\"},\"primaryImageOfPage\":{\"@id\":\"https:\\\/\\\/www.lifebase.org\\\/wp1\\\/krea-tief\\\/#primaryimage\"},\"image\":{\"@id\":\"https:\\\/\\\/www.lifebase.org\\\/wp1\\\/krea-tief\\\/#primaryimage\"},\"thumbnailUrl\":\"https:\\\/\\\/www.lifebase.org\\\/wp1\\\/wp-content\\\/uploads\\\/2021\\\/01\\\/HP_kreatief_900.jpg\",\"datePublished\":\"2021-01-18T17:23:13+00:00\",\"dateModified\":\"2026-03-05T16:49:07+00:00\",\"breadcrumb\":{\"@id\":\"https:\\\/\\\/www.lifebase.org\\\/wp1\\\/krea-tief\\\/#breadcrumb\"},\"inLanguage\":\"de\",\"potentialAction\":[{\"@type\":\"ReadAction\",\"target\":[\"https:\\\/\\\/www.lifebase.org\\\/wp1\\\/krea-tief\\\/\"]}]},{\"@type\":\"ImageObject\",\"inLanguage\":\"de\",\"@id\":\"https:\\\/\\\/www.lifebase.org\\\/wp1\\\/krea-tief\\\/#primaryimage\",\"url\":\"https:\\\/\\\/www.lifebase.org\\\/wp1\\\/wp-content\\\/uploads\\\/2021\\\/01\\\/HP_kreatief_900.jpg\",\"contentUrl\":\"https:\\\/\\\/www.lifebase.org\\\/wp1\\\/wp-content\\\/uploads\\\/2021\\\/01\\\/HP_kreatief_900.jpg\",\"width\":900,\"height\":564},{\"@type\":\"BreadcrumbList\",\"@id\":\"https:\\\/\\\/www.lifebase.org\\\/wp1\\\/krea-tief\\\/#breadcrumb\",\"itemListElement\":[{\"@type\":\"ListItem\",\"position\":1,\"name\":\"Startseite\",\"item\":\"https:\\\/\\\/www.lifebase.org\\\/wp1\\\/\"},{\"@type\":\"ListItem\",\"position\":2,\"name\":\"krea.tief\"}]},{\"@type\":\"WebSite\",\"@id\":\"https:\\\/\\\/www.lifebase.org\\\/wp1\\\/#website\",\"url\":\"https:\\\/\\\/www.lifebase.org\\\/wp1\\\/\",\"name\":\"\",\"description\":\"Freie evangelische Gemeinde in Gerlingen\",\"potentialAction\":[{\"@type\":\"SearchAction\",\"target\":{\"@type\":\"EntryPoint\",\"urlTemplate\":\"https:\\\/\\\/www.lifebase.org\\\/wp1\\\/?s={search_term_string}\"},\"query-input\":{\"@type\":\"PropertyValueSpecification\",\"valueRequired\":true,\"valueName\":\"search_term_string\"}}],\"inLanguage\":\"de\"}]}<\/script>\n<!-- \/ Yoast SEO plugin. -->","yoast_head_json":{"title":"krea.tief -","robots":{"index":"index","follow":"follow","max-snippet":"max-snippet:-1","max-image-preview":"max-image-preview:large","max-video-preview":"max-video-preview:-1"},"canonical":"https:\/\/www.lifebase.org\/wp1\/krea-tief\/","og_locale":"de_DE","og_type":"article","og_title":"krea.tief -","og_description":"Manchmal tut es gut, einfach unter M\u00e4dels zu sein. Gemeinsam wollen wir einen Raum f\u00fcr Kreativit\u00e4t schaffen, dabei gute Gespr\u00e4che f\u00fchren und neue Freundschaften schlie\u00dfen. In unregelm\u00e4\u00dfigen Abst\u00e4nden treffen wir uns in lockerer Atmosph\u00e4re bei Snacks und Getr\u00e4nken und besch\u00e4ftigen uns neben den kreativen Basteleien zudem mit einem interessanten Thema. Nach einem Impuls besteht die &hellip; \u201ekrea.tief\u201c weiterlesen","og_url":"https:\/\/www.lifebase.org\/wp1\/krea-tief\/","article_modified_time":"2026-03-05T16:49:07+00:00","og_image":[{"width":900,"height":564,"url":"https:\/\/www.lifebase.org\/wp1\/wp-content\/uploads\/2021\/01\/HP_kreatief_900.jpg","type":"image\/jpeg"}],"twitter_card":"summary_large_image","twitter_misc":{"Gesch\u00e4tzte Lesezeit":"1\u00a0Minute"},"schema":{"@context":"https:\/\/schema.org","@graph":[{"@type":"WebPage","@id":"https:\/\/www.lifebase.org\/wp1\/krea-tief\/","url":"https:\/\/www.lifebase.org\/wp1\/krea-tief\/","name":"krea.tief -","isPartOf":{"@id":"https:\/\/www.lifebase.org\/wp1\/#website"},"primaryImageOfPage":{"@id":"https:\/\/www.lifebase.org\/wp1\/krea-tief\/#primaryimage"},"image":{"@id":"https:\/\/www.lifebase.org\/wp1\/krea-tief\/#primaryimage"},"thumbnailUrl":"https:\/\/www.lifebase.org\/wp1\/wp-content\/uploads\/2021\/01\/HP_kreatief_900.jpg","datePublished":"2021-01-18T17:23:13+00:00","dateModified":"2026-03-05T16:49:07+00:00","breadcrumb":{"@id":"https:\/\/www.lifebase.org\/wp1\/krea-tief\/#breadcrumb"},"inLanguage":"de","potentialAction":[{"@type":"ReadAction","target":["https:\/\/www.lifebase.org\/wp1\/krea-tief\/"]}]},{"@type":"ImageObject","inLanguage":"de","@id":"https:\/\/www.lifebase.org\/wp1\/krea-tief\/#primaryimage","url":"https:\/\/www.lifebase.org\/wp1\/wp-content\/uploads\/2021\/01\/HP_kreatief_900.jpg","contentUrl":"https:\/\/www.lifebase.org\/wp1\/wp-content\/uploads\/2021\/01\/HP_kreatief_900.jpg","width":900,"height":564},{"@type":"BreadcrumbList","@id":"https:\/\/www.lifebase.org\/wp1\/krea-tief\/#breadcrumb","itemListElement":[{"@type":"ListItem","position":1,"name":"Startseite","item":"https:\/\/www.lifebase.org\/wp1\/"},{"@type":"ListItem","position":2,"name":"krea.tief"}]},{"@type":"WebSite","@id":"https:\/\/www.lifebase.org\/wp1\/#website","url":"https:\/\/www.lifebase.org\/wp1\/","name":"","description":"Freie evangelische Gemeinde in Gerlingen","potentialAction":[{"@type":"SearchAction","target":{"@type":"EntryPoint","urlTemplate":"https:\/\/www.lifebase.org\/wp1\/?s={search_term_string}"},"query-input":{"@type":"PropertyValueSpecification","valueRequired":true,"valueName":"search_term_string"}}],"inLanguage":"de"}]}},"_links":{"self":[{"href":"https:\/\/www.lifebase.org\/wp1\/wp-json\/wp\/v2\/pages\/746","targetHints":{"allow":["GET"]}}],"collection":[{"href":"https:\/\/www.lifebase.org\/wp1\/wp-json\/wp\/v2\/pages"}],"about":[{"href":"https:\/\/www.lifebase.org\/wp1\/wp-json\/wp\/v2\/types\/page"}],"author":[{"embeddable":true,"href":"https:\/\/www.lifebase.org\/wp1\/wp-json\/wp\/v2\/users\/5"}],"replies":[{"embeddable":true,"href":"https:\/\/www.lifebase.org\/wp1\/wp-json\/wp\/v2\/comments?post=746"}],"version-history":[{"count":4,"href":"https:\/\/www.lifebase.org\/wp1\/wp-json\/wp\/v2\/pages\/746\/revisions"}],"predecessor-version":[{"id":2280,"href":"https:\/\/www.lifebase.org\/wp1\/wp-json\/wp\/v2\/pages\/746\/revisions\/2280"}],"wp:featuredmedia":[{"embeddable":true,"href":"https:\/\/www.lifebase.org\/wp1\/wp-json\/wp\/v2\/media\/698"}],"wp:attachment":[{"href":"https:\/\/www.lifebase.org\/wp1\/wp-json\/wp\/v2\/media?parent=746"}],"curies":[{"name":"wp","href":"https:\/\/api.w.org\/{rel}","templated":true}]}}

<p>Manchmal tut es gut, einfach unter Mädels zu sein. Gemeinsam wollen wir einen Raum für Kreativität schaffen, dabei gute Gespräche führen und neue Freundschaften schließen. In unregelmäßigen Abständen treffen wir uns in lockerer Atmosphäre bei Snacks und Getränken und beschäftigen uns neben den kreativen Basteleien zudem mit einem interessanten Thema. Nach einem Impuls besteht die Möglichkeit eigene Erfahrungen zu teilen, sich auszutauschen, einander zu trösten und zu ermutigen. Wir wollen zusammen tiefer gehen, zusammen geistlich wachsen – im wahrsten Sinne des Wortes &#8222;krea.tief&#8220; sein. </p>

<p>Manchmal tut es gut, einfach unter Mädels zu sein. Gemeinsam wollen wir einen Raum für Kreativität schaffen, dabei gute Gespräche führen und neue Freundschaften schließen. In unregelmäßigen Abständen treffen wir uns in lockerer Atmosphäre bei Snacks und Getränken und beschäftigen uns neben den kreativen Basteleien zudem mit einem interessanten Thema. Nach einem Impuls besteht die &hellip; </p>
<p class="link-more"><a href="https://www.lifebase.org/wp1/krea-tief/" class="more-link"><span class="screen-reader-text">„krea.tief“</span> weiterlesen</a></p>

<!-- This site is optimized with the Yoast SEO plugin v27.4 - https://yoast.com/product/yoast-seo-wordpress/ -->
<title>krea.tief -</title>
<meta name="robots" content="index, follow, max-snippet:-1, max-image-preview:large, max-video-preview:-1" />
<link rel="canonical" href="https://www.lifebase.org/wp1/krea-tief/" />
<meta property="og:locale" content="de_DE" />
<meta property="og:type" content="article" />
<meta property="og:title" content="krea.tief -" />
<meta property="og:description" content="Manchmal tut es gut, einfach unter Mädels zu sein. Gemeinsam wollen wir einen Raum für Kreativität schaffen, dabei gute Gespräche führen und neue Freundschaften schließen. In unregelmäßigen Abständen treffen wir uns in lockerer Atmosphäre bei Snacks und Getränken und beschäftigen uns neben den kreativen Basteleien zudem mit einem interessanten Thema. Nach einem Impuls besteht die &hellip; „krea.tief“ weiterlesen" />
<meta property="og:url" content="https://www.lifebase.org/wp1/krea-tief/" />
<meta property="article:modified_time" content="2026-03-05T16:49:07+00:00" />
<meta property="og:image" content="https://www.lifebase.org/wp1/wp-content/uploads/2021/01/HP_kreatief_900.jpg" />
	<meta property="og:image:width" content="900" />
	<meta property="og:image:height" content="564" />
	<meta property="og:image:type" content="image/jpeg" />
<meta name="twitter:card" content="summary_large_image" />
<meta name="twitter:label1" content="Geschätzte Lesezeit" />
	<meta name="twitter:data1" content="1 Minute" />
<script type="application/ld+json" class="yoast-schema-graph">{"@context":"https:\/\/schema.org","@graph":[{"@type":"WebPage","@id":"https:\/\/www.lifebase.org\/wp1\/krea-tief\/","url":"https:\/\/www.lifebase.org\/wp1\/krea-tief\/","name":"krea.tief -","isPartOf":{"@id":"https:\/\/www.lifebase.org\/wp1\/#website"},"primaryImageOfPage":{"@id":"https:\/\/www.lifebase.org\/wp1\/krea-tief\/#primaryimage"},"image":{"@id":"https:\/\/www.lifebase.org\/wp1\/krea-tief\/#primaryimage"},"thumbnailUrl":"https:\/\/www.lifebase.org\/wp1\/wp-content\/uploads\/2021\/01\/HP_kreatief_900.jpg","datePublished":"2021-01-18T17:23:13+00:00","dateModified":"2026-03-05T16:49:07+00:00","breadcrumb":{"@id":"https:\/\/www.lifebase.org\/wp1\/krea-tief\/#breadcrumb"},"inLanguage":"de","potentialAction":[{"@type":"ReadAction","target":["https:\/\/www.lifebase.org\/wp1\/krea-tief\/"]}]},{"@type":"ImageObject","inLanguage":"de","@id":"https:\/\/www.lifebase.org\/wp1\/krea-tief\/#primaryimage","url":"https:\/\/www.lifebase.org\/wp1\/wp-content\/uploads\/2021\/01\/HP_kreatief_900.jpg","contentUrl":"https:\/\/www.lifebase.org\/wp1\/wp-content\/uploads\/2021\/01\/HP_kreatief_900.jpg","width":900,"height":564},{"@type":"BreadcrumbList","@id":"https:\/\/www.lifebase.org\/wp1\/krea-tief\/#breadcrumb","itemListElement":[{"@type":"ListItem","position":1,"name":"Startseite","item":"https:\/\/www.lifebase.org\/wp1\/"},{"@type":"ListItem","position":2,"name":"krea.tief"}]},{"@type":"WebSite","@id":"https:\/\/www.lifebase.org\/wp1\/#website","url":"https:\/\/www.lifebase.org\/wp1\/","name":"","description":"Freie evangelische Gemeinde in Gerlingen","potentialAction":[{"@type":"SearchAction","target":{"@type":"EntryPoint","urlTemplate":"https:\/\/www.lifebase.org\/wp1\/?s={search_term_string}"},"query-input":{"@type":"PropertyValueSpecification","valueRequired":true,"valueName":"search_term_string"}}],"inLanguage":"de"}]}</script>
<!-- / Yoast SEO plugin. -->

Manchmal tut es gut, einfach unter Mädels zu sein. Gemeinsam wollen wir einen Raum für Kreativität schaffen, dabei gute Gespräche führen und neue Freundschaften schließen. In unregelmäßigen Abständen treffen wir uns in lockerer Atmosphäre bei Snacks und Getränken und beschäftigen uns neben den kreativen Basteleien zudem mit einem interessanten Thema. Nach einem Impuls besteht die &hellip; „krea.tief“ weiterlesen
