{"id":739,"date":"2021-01-18T18:18:59","date_gmt":"2021-01-18T17:18:59","guid":{"rendered":"http:\/\/lifebase.org.w0206e66.kasserver.com\/wp1\/?page_id=739"},"modified":"2024-05-20T12:50:31","modified_gmt":"2024-05-20T10:50:31","slug":"fasten","status":"publish","type":"page","link":"https:\/\/www.lifebase.org\/wp1\/fasten\/","title":{"rendered":"Fasten"},"content":{"rendered":"\n<p>Da auch Jesus \u00fcber das Fasten spricht, ist dieses Thema auch f\u00fcr die Gemeinde von Bedeutung. Fasten bedeutet, freiwillig f\u00fcr eine gewisse Zeit auf etwas zu verzichten. Meistens geht es dabei um den Verzicht auf Essen und Trinken. In der Bibel fasteten Menschen zum einen als Ausdruck von Trauer und S\u00fchne, zum anderen zur Vorbereitung auf eine Begegnung mit Gott. Das Fasten dient als Hilfestellung, damit man sich besser konzentrieren kann und somit die Ernsthaftigkeit des Gebets unterstreicht. Durch das L\u00f6sen von irdischen Dingen, bieten Fastenzeiten die Chance zur Ver\u00e4nderung und Erneuerung. Die Konzentration auf das Gebet und die Gemeinschaft mit Gott ist oft verbunden mit einem Blickwechsel: weg von unseren Bed\u00fcrfnissen, hin zu innerer Ruhe und H\u00f6ren auf Gottes Reden. Daraus ergibt sich h\u00e4ufig eine Kurskorrektur f\u00fcr unser Leben.&nbsp;<\/p>\n\n\n\n<p>Jeden ersten Donnerstag im Monat fasten wir f\u00fcr ein anderes aktuelles Anliegen. Ein gemeinsamer Abschluss findet jeweils um 19:00 Uhr mit einem Gebetstreffen in der Gemeinde satt.<\/p>\n","protected":false},"excerpt":{"rendered":"<p>Da auch Jesus \u00fcber das Fasten spricht, ist dieses Thema auch f\u00fcr die Gemeinde von Bedeutung. Fasten bedeutet, freiwillig f\u00fcr eine gewisse Zeit auf etwas zu verzichten. Meistens geht es dabei um den Verzicht auf Essen und Trinken. In der Bibel fasteten Menschen zum einen als Ausdruck von Trauer und S\u00fchne, zum anderen zur Vorbereitung &hellip; <\/p>\n<p class=\"link-more\"><a href=\"https:\/\/www.lifebase.org\/wp1\/fasten\/\" class=\"more-link\"><span class=\"screen-reader-text\">\u201eFasten\u201c<\/span> weiterlesen<\/a><\/p>\n","protected":false},"author":5,"featured_media":762,"parent":0,"menu_order":0,"comment_status":"closed","ping_status":"closed","template":"","meta":{"footnotes":""},"class_list":["post-739","page","type-page","status-publish","has-post-thumbnail","hentry"],"yoast_head":"<!-- This site is optimized with the Yoast SEO plugin v27.4 - https:\/\/yoast.com\/product\/yoast-seo-wordpress\/ -->\n<title>Fasten -<\/title>\n<meta name=\"robots\" content=\"index, follow, max-snippet:-1, max-image-preview:large, max-video-preview:-1\" \/>\n<link rel=\"canonical\" href=\"https:\/\/www.lifebase.org\/wp1\/fasten\/\" \/>\n<meta property=\"og:locale\" content=\"de_DE\" \/>\n<meta property=\"og:type\" content=\"article\" \/>\n<meta property=\"og:title\" content=\"Fasten -\" \/>\n<meta property=\"og:description\" content=\"Da auch Jesus \u00fcber das Fasten spricht, ist dieses Thema auch f\u00fcr die Gemeinde von Bedeutung. Fasten bedeutet, freiwillig f\u00fcr eine gewisse Zeit auf etwas zu verzichten. Meistens geht es dabei um den Verzicht auf Essen und Trinken. In der Bibel fasteten Menschen zum einen als Ausdruck von Trauer und S\u00fchne, zum anderen zur Vorbereitung &hellip; \u201eFasten\u201c weiterlesen\" \/>\n<meta property=\"og:url\" content=\"https:\/\/www.lifebase.org\/wp1\/fasten\/\" \/>\n<meta property=\"article:modified_time\" content=\"2024-05-20T10:50:31+00:00\" \/>\n<meta property=\"og:image\" content=\"https:\/\/www.lifebase.org\/wp1\/wp-content\/uploads\/2021\/01\/HP_Fasten_900.jpg\" \/>\n\t<meta property=\"og:image:width\" content=\"900\" \/>\n\t<meta property=\"og:image:height\" content=\"564\" \/>\n\t<meta property=\"og:image:type\" content=\"image\/jpeg\" \/>\n<meta name=\"twitter:card\" content=\"summary_large_image\" \/>\n<meta name=\"twitter:label1\" content=\"Gesch\u00e4tzte Lesezeit\" \/>\n\t<meta name=\"twitter:data1\" content=\"2\u00a0Minuten\" \/>\n<script type=\"application\/ld+json\" class=\"yoast-schema-graph\">{\"@context\":\"https:\\\/\\\/schema.org\",\"@graph\":[{\"@type\":\"WebPage\",\"@id\":\"https:\\\/\\\/www.lifebase.org\\\/wp1\\\/fasten\\\/\",\"url\":\"https:\\\/\\\/www.lifebase.org\\\/wp1\\\/fasten\\\/\",\"name\":\"Fasten -\",\"isPartOf\":{\"@id\":\"https:\\\/\\\/www.lifebase.org\\\/wp1\\\/#website\"},\"primaryImageOfPage\":{\"@id\":\"https:\\\/\\\/www.lifebase.org\\\/wp1\\\/fasten\\\/#primaryimage\"},\"image\":{\"@id\":\"https:\\\/\\\/www.lifebase.org\\\/wp1\\\/fasten\\\/#primaryimage\"},\"thumbnailUrl\":\"https:\\\/\\\/www.lifebase.org\\\/wp1\\\/wp-content\\\/uploads\\\/2021\\\/01\\\/HP_Fasten_900.jpg\",\"datePublished\":\"2021-01-18T17:18:59+00:00\",\"dateModified\":\"2024-05-20T10:50:31+00:00\",\"breadcrumb\":{\"@id\":\"https:\\\/\\\/www.lifebase.org\\\/wp1\\\/fasten\\\/#breadcrumb\"},\"inLanguage\":\"de\",\"potentialAction\":[{\"@type\":\"ReadAction\",\"target\":[\"https:\\\/\\\/www.lifebase.org\\\/wp1\\\/fasten\\\/\"]}]},{\"@type\":\"ImageObject\",\"inLanguage\":\"de\",\"@id\":\"https:\\\/\\\/www.lifebase.org\\\/wp1\\\/fasten\\\/#primaryimage\",\"url\":\"https:\\\/\\\/www.lifebase.org\\\/wp1\\\/wp-content\\\/uploads\\\/2021\\\/01\\\/HP_Fasten_900.jpg\",\"contentUrl\":\"https:\\\/\\\/www.lifebase.org\\\/wp1\\\/wp-content\\\/uploads\\\/2021\\\/01\\\/HP_Fasten_900.jpg\",\"width\":900,\"height\":564},{\"@type\":\"BreadcrumbList\",\"@id\":\"https:\\\/\\\/www.lifebase.org\\\/wp1\\\/fasten\\\/#breadcrumb\",\"itemListElement\":[{\"@type\":\"ListItem\",\"position\":1,\"name\":\"Startseite\",\"item\":\"https:\\\/\\\/www.lifebase.org\\\/wp1\\\/\"},{\"@type\":\"ListItem\",\"position\":2,\"name\":\"Fasten\"}]},{\"@type\":\"WebSite\",\"@id\":\"https:\\\/\\\/www.lifebase.org\\\/wp1\\\/#website\",\"url\":\"https:\\\/\\\/www.lifebase.org\\\/wp1\\\/\",\"name\":\"\",\"description\":\"Freie evangelische Gemeinde in Gerlingen\",\"potentialAction\":[{\"@type\":\"SearchAction\",\"target\":{\"@type\":\"EntryPoint\",\"urlTemplate\":\"https:\\\/\\\/www.lifebase.org\\\/wp1\\\/?s={search_term_string}\"},\"query-input\":{\"@type\":\"PropertyValueSpecification\",\"valueRequired\":true,\"valueName\":\"search_term_string\"}}],\"inLanguage\":\"de\"}]}<\/script>\n<!-- \/ Yoast SEO plugin. -->","yoast_head_json":{"title":"Fasten -","robots":{"index":"index","follow":"follow","max-snippet":"max-snippet:-1","max-image-preview":"max-image-preview:large","max-video-preview":"max-video-preview:-1"},"canonical":"https:\/\/www.lifebase.org\/wp1\/fasten\/","og_locale":"de_DE","og_type":"article","og_title":"Fasten -","og_description":"Da auch Jesus \u00fcber das Fasten spricht, ist dieses Thema auch f\u00fcr die Gemeinde von Bedeutung. Fasten bedeutet, freiwillig f\u00fcr eine gewisse Zeit auf etwas zu verzichten. Meistens geht es dabei um den Verzicht auf Essen und Trinken. In der Bibel fasteten Menschen zum einen als Ausdruck von Trauer und S\u00fchne, zum anderen zur Vorbereitung &hellip; \u201eFasten\u201c weiterlesen","og_url":"https:\/\/www.lifebase.org\/wp1\/fasten\/","article_modified_time":"2024-05-20T10:50:31+00:00","og_image":[{"width":900,"height":564,"url":"https:\/\/www.lifebase.org\/wp1\/wp-content\/uploads\/2021\/01\/HP_Fasten_900.jpg","type":"image\/jpeg"}],"twitter_card":"summary_large_image","twitter_misc":{"Gesch\u00e4tzte Lesezeit":"2\u00a0Minuten"},"schema":{"@context":"https:\/\/schema.org","@graph":[{"@type":"WebPage","@id":"https:\/\/www.lifebase.org\/wp1\/fasten\/","url":"https:\/\/www.lifebase.org\/wp1\/fasten\/","name":"Fasten -","isPartOf":{"@id":"https:\/\/www.lifebase.org\/wp1\/#website"},"primaryImageOfPage":{"@id":"https:\/\/www.lifebase.org\/wp1\/fasten\/#primaryimage"},"image":{"@id":"https:\/\/www.lifebase.org\/wp1\/fasten\/#primaryimage"},"thumbnailUrl":"https:\/\/www.lifebase.org\/wp1\/wp-content\/uploads\/2021\/01\/HP_Fasten_900.jpg","datePublished":"2021-01-18T17:18:59+00:00","dateModified":"2024-05-20T10:50:31+00:00","breadcrumb":{"@id":"https:\/\/www.lifebase.org\/wp1\/fasten\/#breadcrumb"},"inLanguage":"de","potentialAction":[{"@type":"ReadAction","target":["https:\/\/www.lifebase.org\/wp1\/fasten\/"]}]},{"@type":"ImageObject","inLanguage":"de","@id":"https:\/\/www.lifebase.org\/wp1\/fasten\/#primaryimage","url":"https:\/\/www.lifebase.org\/wp1\/wp-content\/uploads\/2021\/01\/HP_Fasten_900.jpg","contentUrl":"https:\/\/www.lifebase.org\/wp1\/wp-content\/uploads\/2021\/01\/HP_Fasten_900.jpg","width":900,"height":564},{"@type":"BreadcrumbList","@id":"https:\/\/www.lifebase.org\/wp1\/fasten\/#breadcrumb","itemListElement":[{"@type":"ListItem","position":1,"name":"Startseite","item":"https:\/\/www.lifebase.org\/wp1\/"},{"@type":"ListItem","position":2,"name":"Fasten"}]},{"@type":"WebSite","@id":"https:\/\/www.lifebase.org\/wp1\/#website","url":"https:\/\/www.lifebase.org\/wp1\/","name":"","description":"Freie evangelische Gemeinde in Gerlingen","potentialAction":[{"@type":"SearchAction","target":{"@type":"EntryPoint","urlTemplate":"https:\/\/www.lifebase.org\/wp1\/?s={search_term_string}"},"query-input":{"@type":"PropertyValueSpecification","valueRequired":true,"valueName":"search_term_string"}}],"inLanguage":"de"}]}},"_links":{"self":[{"href":"https:\/\/www.lifebase.org\/wp1\/wp-json\/wp\/v2\/pages\/739","targetHints":{"allow":["GET"]}}],"collection":[{"href":"https:\/\/www.lifebase.org\/wp1\/wp-json\/wp\/v2\/pages"}],"about":[{"href":"https:\/\/www.lifebase.org\/wp1\/wp-json\/wp\/v2\/types\/page"}],"author":[{"embeddable":true,"href":"https:\/\/www.lifebase.org\/wp1\/wp-json\/wp\/v2\/users\/5"}],"replies":[{"embeddable":true,"href":"https:\/\/www.lifebase.org\/wp1\/wp-json\/wp\/v2\/comments?post=739"}],"version-history":[{"count":5,"href":"https:\/\/www.lifebase.org\/wp1\/wp-json\/wp\/v2\/pages\/739\/revisions"}],"predecessor-version":[{"id":1843,"href":"https:\/\/www.lifebase.org\/wp1\/wp-json\/wp\/v2\/pages\/739\/revisions\/1843"}],"wp:featuredmedia":[{"embeddable":true,"href":"https:\/\/www.lifebase.org\/wp1\/wp-json\/wp\/v2\/media\/762"}],"wp:attachment":[{"href":"https:\/\/www.lifebase.org\/wp1\/wp-json\/wp\/v2\/media?parent=739"}],"curies":[{"name":"wp","href":"https:\/\/api.w.org\/{rel}","templated":true}]}}

<p>Da auch Jesus über das Fasten spricht, ist dieses Thema auch für die Gemeinde von Bedeutung. Fasten bedeutet, freiwillig für eine gewisse Zeit auf etwas zu verzichten. Meistens geht es dabei um den Verzicht auf Essen und Trinken. In der Bibel fasteten Menschen zum einen als Ausdruck von Trauer und Sühne, zum anderen zur Vorbereitung auf eine Begegnung mit Gott. Das Fasten dient als Hilfestellung, damit man sich besser konzentrieren kann und somit die Ernsthaftigkeit des Gebets unterstreicht. Durch das Lösen von irdischen Dingen, bieten Fastenzeiten die Chance zur Veränderung und Erneuerung. Die Konzentration auf das Gebet und die Gemeinschaft mit Gott ist oft verbunden mit einem Blickwechsel: weg von unseren Bedürfnissen, hin zu innerer Ruhe und Hören auf Gottes Reden. Daraus ergibt sich häufig eine Kurskorrektur für unser Leben.&nbsp;</p>



<p>Jeden ersten Donnerstag im Monat fasten wir für ein anderes aktuelles Anliegen. Ein gemeinsamer Abschluss findet jeweils um 19:00 Uhr mit einem Gebetstreffen in der Gemeinde satt.</p>

<p>Da auch Jesus über das Fasten spricht, ist dieses Thema auch für die Gemeinde von Bedeutung. Fasten bedeutet, freiwillig für eine gewisse Zeit auf etwas zu verzichten. Meistens geht es dabei um den Verzicht auf Essen und Trinken. In der Bibel fasteten Menschen zum einen als Ausdruck von Trauer und Sühne, zum anderen zur Vorbereitung &hellip; </p>
<p class="link-more"><a href="https://www.lifebase.org/wp1/fasten/" class="more-link"><span class="screen-reader-text">„Fasten“</span> weiterlesen</a></p>

<!-- This site is optimized with the Yoast SEO plugin v27.4 - https://yoast.com/product/yoast-seo-wordpress/ -->
<title>Fasten -</title>
<meta name="robots" content="index, follow, max-snippet:-1, max-image-preview:large, max-video-preview:-1" />
<link rel="canonical" href="https://www.lifebase.org/wp1/fasten/" />
<meta property="og:locale" content="de_DE" />
<meta property="og:type" content="article" />
<meta property="og:title" content="Fasten -" />
<meta property="og:description" content="Da auch Jesus über das Fasten spricht, ist dieses Thema auch für die Gemeinde von Bedeutung. Fasten bedeutet, freiwillig für eine gewisse Zeit auf etwas zu verzichten. Meistens geht es dabei um den Verzicht auf Essen und Trinken. In der Bibel fasteten Menschen zum einen als Ausdruck von Trauer und Sühne, zum anderen zur Vorbereitung &hellip; „Fasten“ weiterlesen" />
<meta property="og:url" content="https://www.lifebase.org/wp1/fasten/" />
<meta property="article:modified_time" content="2024-05-20T10:50:31+00:00" />
<meta property="og:image" content="https://www.lifebase.org/wp1/wp-content/uploads/2021/01/HP_Fasten_900.jpg" />
	<meta property="og:image:width" content="900" />
	<meta property="og:image:height" content="564" />
	<meta property="og:image:type" content="image/jpeg" />
<meta name="twitter:card" content="summary_large_image" />
<meta name="twitter:label1" content="Geschätzte Lesezeit" />
	<meta name="twitter:data1" content="2 Minuten" />
<script type="application/ld+json" class="yoast-schema-graph">{"@context":"https:\/\/schema.org","@graph":[{"@type":"WebPage","@id":"https:\/\/www.lifebase.org\/wp1\/fasten\/","url":"https:\/\/www.lifebase.org\/wp1\/fasten\/","name":"Fasten -","isPartOf":{"@id":"https:\/\/www.lifebase.org\/wp1\/#website"},"primaryImageOfPage":{"@id":"https:\/\/www.lifebase.org\/wp1\/fasten\/#primaryimage"},"image":{"@id":"https:\/\/www.lifebase.org\/wp1\/fasten\/#primaryimage"},"thumbnailUrl":"https:\/\/www.lifebase.org\/wp1\/wp-content\/uploads\/2021\/01\/HP_Fasten_900.jpg","datePublished":"2021-01-18T17:18:59+00:00","dateModified":"2024-05-20T10:50:31+00:00","breadcrumb":{"@id":"https:\/\/www.lifebase.org\/wp1\/fasten\/#breadcrumb"},"inLanguage":"de","potentialAction":[{"@type":"ReadAction","target":["https:\/\/www.lifebase.org\/wp1\/fasten\/"]}]},{"@type":"ImageObject","inLanguage":"de","@id":"https:\/\/www.lifebase.org\/wp1\/fasten\/#primaryimage","url":"https:\/\/www.lifebase.org\/wp1\/wp-content\/uploads\/2021\/01\/HP_Fasten_900.jpg","contentUrl":"https:\/\/www.lifebase.org\/wp1\/wp-content\/uploads\/2021\/01\/HP_Fasten_900.jpg","width":900,"height":564},{"@type":"BreadcrumbList","@id":"https:\/\/www.lifebase.org\/wp1\/fasten\/#breadcrumb","itemListElement":[{"@type":"ListItem","position":1,"name":"Startseite","item":"https:\/\/www.lifebase.org\/wp1\/"},{"@type":"ListItem","position":2,"name":"Fasten"}]},{"@type":"WebSite","@id":"https:\/\/www.lifebase.org\/wp1\/#website","url":"https:\/\/www.lifebase.org\/wp1\/","name":"","description":"Freie evangelische Gemeinde in Gerlingen","potentialAction":[{"@type":"SearchAction","target":{"@type":"EntryPoint","urlTemplate":"https:\/\/www.lifebase.org\/wp1\/?s={search_term_string}"},"query-input":{"@type":"PropertyValueSpecification","valueRequired":true,"valueName":"search_term_string"}}],"inLanguage":"de"}]}</script>
<!-- / Yoast SEO plugin. -->

Da auch Jesus über das Fasten spricht, ist dieses Thema auch für die Gemeinde von Bedeutung. Fasten bedeutet, freiwillig für eine gewisse Zeit auf etwas zu verzichten. Meistens geht es dabei um den Verzicht auf Essen und Trinken. In der Bibel fasteten Menschen zum einen als Ausdruck von Trauer und Sühne, zum anderen zur Vorbereitung &hellip; „Fasten“ weiterlesen
