{"id":341,"date":"2020-09-29T16:54:38","date_gmt":"2020-09-29T14:54:38","guid":{"rendered":"http:\/\/lifebase.org.w0206e66.kasserver.com\/wp1\/?page_id=341"},"modified":"2026-01-20T20:40:53","modified_gmt":"2026-01-20T19:40:53","slug":"online-teilnahme","status":"publish","type":"page","link":"https:\/\/www.lifebase.org\/wp1\/kontakt\/online-teilnahme\/","title":{"rendered":"Online-Teilnahme"},"content":{"rendered":"\n<p>Momentan werden Gottesdienste und einige andere Veranstaltungen auch online \u00fcber Zoom angeboten. Die jeweilige Meeting-ID und das Passwort k\u00f6nnen (m\u00f6glichst rechtzeitig) per Mail angefragt werden: <a href=\"mailto:Online@LifeBase.org\"><strong>online@lifebase.org<\/strong><\/a>.<\/p>\n\n\n\n<p>Wir freuen uns \u00fcber Ihre Kontaktaufnahme und w\u00fcrden Sie auch gerne auf diesem Weg kennenlernen.<\/p>\n","protected":false},"excerpt":{"rendered":"<p>Momentan werden Gottesdienste und einige andere Veranstaltungen auch online \u00fcber Zoom angeboten. Die jeweilige Meeting-ID und das Passwort k\u00f6nnen (m\u00f6glichst rechtzeitig) per Mail angefragt werden: online@lifebase.org. Wir freuen uns \u00fcber Ihre Kontaktaufnahme und w\u00fcrden Sie auch gerne auf diesem Weg kennenlernen.<\/p>\n","protected":false},"author":1,"featured_media":855,"parent":10,"menu_order":0,"comment_status":"closed","ping_status":"closed","template":"","meta":{"footnotes":""},"class_list":["post-341","page","type-page","status-publish","has-post-thumbnail","hentry"],"yoast_head":"<!-- This site is optimized with the Yoast SEO plugin v27.4 - https:\/\/yoast.com\/product\/yoast-seo-wordpress\/ -->\n<title>Online-Teilnahme -<\/title>\n<meta name=\"robots\" content=\"index, follow, max-snippet:-1, max-image-preview:large, max-video-preview:-1\" \/>\n<link rel=\"canonical\" href=\"https:\/\/www.lifebase.org\/wp1\/kontakt\/online-teilnahme\/\" \/>\n<meta property=\"og:locale\" content=\"de_DE\" \/>\n<meta property=\"og:type\" content=\"article\" \/>\n<meta property=\"og:title\" content=\"Online-Teilnahme -\" \/>\n<meta property=\"og:description\" content=\"Momentan werden Gottesdienste und einige andere Veranstaltungen auch online \u00fcber Zoom angeboten. Die jeweilige Meeting-ID und das Passwort k\u00f6nnen (m\u00f6glichst rechtzeitig) per Mail angefragt werden: online@lifebase.org. Wir freuen uns \u00fcber Ihre Kontaktaufnahme und w\u00fcrden Sie auch gerne auf diesem Weg kennenlernen.\" \/>\n<meta property=\"og:url\" content=\"https:\/\/www.lifebase.org\/wp1\/kontakt\/online-teilnahme\/\" \/>\n<meta property=\"article:modified_time\" content=\"2026-01-20T19:40:53+00:00\" \/>\n<meta property=\"og:image\" content=\"https:\/\/www.lifebase.org\/wp1\/wp-content\/uploads\/2021\/01\/HP_Online_900.jpg\" \/>\n\t<meta property=\"og:image:width\" content=\"900\" \/>\n\t<meta property=\"og:image:height\" content=\"564\" \/>\n\t<meta property=\"og:image:type\" content=\"image\/jpeg\" \/>\n<meta name=\"twitter:card\" content=\"summary_large_image\" \/>\n<meta name=\"twitter:label1\" content=\"Gesch\u00e4tzte Lesezeit\" \/>\n\t<meta name=\"twitter:data1\" content=\"1\u00a0Minute\" \/>\n<script type=\"application\/ld+json\" class=\"yoast-schema-graph\">{\"@context\":\"https:\\\/\\\/schema.org\",\"@graph\":[{\"@type\":\"WebPage\",\"@id\":\"https:\\\/\\\/www.lifebase.org\\\/wp1\\\/kontakt\\\/online-teilnahme\\\/\",\"url\":\"https:\\\/\\\/www.lifebase.org\\\/wp1\\\/kontakt\\\/online-teilnahme\\\/\",\"name\":\"Online-Teilnahme -\",\"isPartOf\":{\"@id\":\"https:\\\/\\\/www.lifebase.org\\\/wp1\\\/#website\"},\"primaryImageOfPage\":{\"@id\":\"https:\\\/\\\/www.lifebase.org\\\/wp1\\\/kontakt\\\/online-teilnahme\\\/#primaryimage\"},\"image\":{\"@id\":\"https:\\\/\\\/www.lifebase.org\\\/wp1\\\/kontakt\\\/online-teilnahme\\\/#primaryimage\"},\"thumbnailUrl\":\"https:\\\/\\\/www.lifebase.org\\\/wp1\\\/wp-content\\\/uploads\\\/2021\\\/01\\\/HP_Online_900.jpg\",\"datePublished\":\"2020-09-29T14:54:38+00:00\",\"dateModified\":\"2026-01-20T19:40:53+00:00\",\"breadcrumb\":{\"@id\":\"https:\\\/\\\/www.lifebase.org\\\/wp1\\\/kontakt\\\/online-teilnahme\\\/#breadcrumb\"},\"inLanguage\":\"de\",\"potentialAction\":[{\"@type\":\"ReadAction\",\"target\":[\"https:\\\/\\\/www.lifebase.org\\\/wp1\\\/kontakt\\\/online-teilnahme\\\/\"]}]},{\"@type\":\"ImageObject\",\"inLanguage\":\"de\",\"@id\":\"https:\\\/\\\/www.lifebase.org\\\/wp1\\\/kontakt\\\/online-teilnahme\\\/#primaryimage\",\"url\":\"https:\\\/\\\/www.lifebase.org\\\/wp1\\\/wp-content\\\/uploads\\\/2021\\\/01\\\/HP_Online_900.jpg\",\"contentUrl\":\"https:\\\/\\\/www.lifebase.org\\\/wp1\\\/wp-content\\\/uploads\\\/2021\\\/01\\\/HP_Online_900.jpg\",\"width\":900,\"height\":564},{\"@type\":\"BreadcrumbList\",\"@id\":\"https:\\\/\\\/www.lifebase.org\\\/wp1\\\/kontakt\\\/online-teilnahme\\\/#breadcrumb\",\"itemListElement\":[{\"@type\":\"ListItem\",\"position\":1,\"name\":\"Startseite\",\"item\":\"https:\\\/\\\/www.lifebase.org\\\/wp1\\\/\"},{\"@type\":\"ListItem\",\"position\":2,\"name\":\"Kontakt\",\"item\":\"https:\\\/\\\/www.lifebase.org\\\/wp1\\\/kontakt\\\/\"},{\"@type\":\"ListItem\",\"position\":3,\"name\":\"Online-Teilnahme\"}]},{\"@type\":\"WebSite\",\"@id\":\"https:\\\/\\\/www.lifebase.org\\\/wp1\\\/#website\",\"url\":\"https:\\\/\\\/www.lifebase.org\\\/wp1\\\/\",\"name\":\"\",\"description\":\"Freie evangelische Gemeinde in Gerlingen\",\"potentialAction\":[{\"@type\":\"SearchAction\",\"target\":{\"@type\":\"EntryPoint\",\"urlTemplate\":\"https:\\\/\\\/www.lifebase.org\\\/wp1\\\/?s={search_term_string}\"},\"query-input\":{\"@type\":\"PropertyValueSpecification\",\"valueRequired\":true,\"valueName\":\"search_term_string\"}}],\"inLanguage\":\"de\"}]}<\/script>\n<!-- \/ Yoast SEO plugin. -->","yoast_head_json":{"title":"Online-Teilnahme -","robots":{"index":"index","follow":"follow","max-snippet":"max-snippet:-1","max-image-preview":"max-image-preview:large","max-video-preview":"max-video-preview:-1"},"canonical":"https:\/\/www.lifebase.org\/wp1\/kontakt\/online-teilnahme\/","og_locale":"de_DE","og_type":"article","og_title":"Online-Teilnahme -","og_description":"Momentan werden Gottesdienste und einige andere Veranstaltungen auch online \u00fcber Zoom angeboten. Die jeweilige Meeting-ID und das Passwort k\u00f6nnen (m\u00f6glichst rechtzeitig) per Mail angefragt werden: online@lifebase.org. Wir freuen uns \u00fcber Ihre Kontaktaufnahme und w\u00fcrden Sie auch gerne auf diesem Weg kennenlernen.","og_url":"https:\/\/www.lifebase.org\/wp1\/kontakt\/online-teilnahme\/","article_modified_time":"2026-01-20T19:40:53+00:00","og_image":[{"width":900,"height":564,"url":"https:\/\/www.lifebase.org\/wp1\/wp-content\/uploads\/2021\/01\/HP_Online_900.jpg","type":"image\/jpeg"}],"twitter_card":"summary_large_image","twitter_misc":{"Gesch\u00e4tzte Lesezeit":"1\u00a0Minute"},"schema":{"@context":"https:\/\/schema.org","@graph":[{"@type":"WebPage","@id":"https:\/\/www.lifebase.org\/wp1\/kontakt\/online-teilnahme\/","url":"https:\/\/www.lifebase.org\/wp1\/kontakt\/online-teilnahme\/","name":"Online-Teilnahme -","isPartOf":{"@id":"https:\/\/www.lifebase.org\/wp1\/#website"},"primaryImageOfPage":{"@id":"https:\/\/www.lifebase.org\/wp1\/kontakt\/online-teilnahme\/#primaryimage"},"image":{"@id":"https:\/\/www.lifebase.org\/wp1\/kontakt\/online-teilnahme\/#primaryimage"},"thumbnailUrl":"https:\/\/www.lifebase.org\/wp1\/wp-content\/uploads\/2021\/01\/HP_Online_900.jpg","datePublished":"2020-09-29T14:54:38+00:00","dateModified":"2026-01-20T19:40:53+00:00","breadcrumb":{"@id":"https:\/\/www.lifebase.org\/wp1\/kontakt\/online-teilnahme\/#breadcrumb"},"inLanguage":"de","potentialAction":[{"@type":"ReadAction","target":["https:\/\/www.lifebase.org\/wp1\/kontakt\/online-teilnahme\/"]}]},{"@type":"ImageObject","inLanguage":"de","@id":"https:\/\/www.lifebase.org\/wp1\/kontakt\/online-teilnahme\/#primaryimage","url":"https:\/\/www.lifebase.org\/wp1\/wp-content\/uploads\/2021\/01\/HP_Online_900.jpg","contentUrl":"https:\/\/www.lifebase.org\/wp1\/wp-content\/uploads\/2021\/01\/HP_Online_900.jpg","width":900,"height":564},{"@type":"BreadcrumbList","@id":"https:\/\/www.lifebase.org\/wp1\/kontakt\/online-teilnahme\/#breadcrumb","itemListElement":[{"@type":"ListItem","position":1,"name":"Startseite","item":"https:\/\/www.lifebase.org\/wp1\/"},{"@type":"ListItem","position":2,"name":"Kontakt","item":"https:\/\/www.lifebase.org\/wp1\/kontakt\/"},{"@type":"ListItem","position":3,"name":"Online-Teilnahme"}]},{"@type":"WebSite","@id":"https:\/\/www.lifebase.org\/wp1\/#website","url":"https:\/\/www.lifebase.org\/wp1\/","name":"","description":"Freie evangelische Gemeinde in Gerlingen","potentialAction":[{"@type":"SearchAction","target":{"@type":"EntryPoint","urlTemplate":"https:\/\/www.lifebase.org\/wp1\/?s={search_term_string}"},"query-input":{"@type":"PropertyValueSpecification","valueRequired":true,"valueName":"search_term_string"}}],"inLanguage":"de"}]}},"_links":{"self":[{"href":"https:\/\/www.lifebase.org\/wp1\/wp-json\/wp\/v2\/pages\/341","targetHints":{"allow":["GET"]}}],"collection":[{"href":"https:\/\/www.lifebase.org\/wp1\/wp-json\/wp\/v2\/pages"}],"about":[{"href":"https:\/\/www.lifebase.org\/wp1\/wp-json\/wp\/v2\/types\/page"}],"author":[{"embeddable":true,"href":"https:\/\/www.lifebase.org\/wp1\/wp-json\/wp\/v2\/users\/1"}],"replies":[{"embeddable":true,"href":"https:\/\/www.lifebase.org\/wp1\/wp-json\/wp\/v2\/comments?post=341"}],"version-history":[{"count":7,"href":"https:\/\/www.lifebase.org\/wp1\/wp-json\/wp\/v2\/pages\/341\/revisions"}],"predecessor-version":[{"id":2254,"href":"https:\/\/www.lifebase.org\/wp1\/wp-json\/wp\/v2\/pages\/341\/revisions\/2254"}],"up":[{"embeddable":true,"href":"https:\/\/www.lifebase.org\/wp1\/wp-json\/wp\/v2\/pages\/10"}],"wp:featuredmedia":[{"embeddable":true,"href":"https:\/\/www.lifebase.org\/wp1\/wp-json\/wp\/v2\/media\/855"}],"wp:attachment":[{"href":"https:\/\/www.lifebase.org\/wp1\/wp-json\/wp\/v2\/media?parent=341"}],"curies":[{"name":"wp","href":"https:\/\/api.w.org\/{rel}","templated":true}]}}