{"id":164,"date":"2020-04-23T20:30:40","date_gmt":"2020-04-23T18:30:40","guid":{"rendered":"http:\/\/lifebase.org.w0206e66.kasserver.com\/wp1\/?page_id=164"},"modified":"2024-12-06T10:03:51","modified_gmt":"2024-12-06T09:03:51","slug":"gottesdienst","status":"publish","type":"page","link":"https:\/\/www.lifebase.org\/wp1\/programm\/gottesdienst\/","title":{"rendered":"Gottesdienst"},"content":{"rendered":"\n<p class=\"has-text-align-right\"><em><span style=\"color:#326e91\" class=\"has-inline-color\">jeden Sonntag, 10:00 Uhr<\/span><\/em><\/p>\n\n\n\n<p>Aufatmen, auftanken, Gemeinschaft erleben \u2013 die Gottesdienste sind das Zentrum unseres Gemeindelebens und offen f\u00fcr alle Interessierten. In ihnen laden wir Sie ein, sich durch die Lieder und die Predigt auf der Grundlage der Bibel mit Themen des Lebens zu besch\u00e4ftigen und in der Gemeinschaft die Gegenwart Gottes zu feiern oder einfach nachzufragen, was denn an diesem Gott dran ist. Wechselnde Musikteams sorgen f\u00fcr eine abwechslungsreiche musikalische Gestaltung. Neben unserem Pastor predigen auch regelm\u00e4\u00dfig Gemeindemitglieder, Missionare oder Gastprediger.<\/p>\n\n\n\n<p>Nach dem Gottesdienst besteht die M\u00f6glichkeit bei einer Tasse Kaffee oder Tee mit uns \u00fcber Gott und die Welt ins Gespr\u00e4ch zu kommen. Von ungezwungenem Smalltalk bis hin zu pers\u00f6nlichen Gespr\u00e4chen und Gebeten ist vieles m\u00f6glich. Einmal pro Monat findet ein gemeinsames Mittagessen statt, zu dem alle herzlich eingeladen sind. Dieses bietet eine gute Gelegenheit Kontakte zu kn\u00fcpfen und nette Gespr\u00e4che zu f\u00fchren.<\/p>\n\n\n\n<p>Regelm\u00e4\u00dfig am ersten Sonntag im Monat feiern wir gemeinsam das <strong><a href=\"http:\/\/lifebase.org.w0206e66.kasserver.com\/wp1\/glaube\/abendmahl\/\">Abendmahl<\/a><\/strong>. Wenn Brot und Wein durch die Reihen gereicht werden, ist es jedem freigestellt sich am Abendmahl zu beteiligen oder es weiterzureichen.<\/p>\n\n\n\n<p>F\u00fcr Kinder ab einem Jahr gibt es eine Betreuung und f\u00fcr Kinder von 3-14 Jahren findet parallel zum Gottesdienst der\u00a0<a href=\"http:\/\/lifebase.org.w0206e66.kasserver.com\/wp1\/programm\/kindergottesdienst\/\"><strong>Kindergottesdienst<\/strong><\/a>\u00a0statt. F\u00fcr Eltern mit kleineren Kindern gibt es einen Eltern-Kind-Raum, von dem aus per \u00dcbertragung der Gottesdienst miterlebt werden kann.<\/p>\n\n\n\n<p>Wir laden Sie herzlich ein und freuen uns darauf, Sie bei uns im Gottesdienst zu begr\u00fc\u00dfen. Falls Sie dazu nicht zu uns in die Ringstra\u00dfe 126 kommen k\u00f6nnen, ist es auch m\u00f6glich online \u00fcber Zoom teilzunehmen. Die Meeting-ID und das Passwort k\u00f6nnen per Mail erfragt werden: <a href=\"mailto:Online@LifeBase.org\">online@lifebase.org<\/a>.<\/p>\n","protected":false},"excerpt":{"rendered":"<p>jeden Sonntag, 10:00 Uhr Aufatmen, auftanken, Gemeinschaft erleben \u2013 die Gottesdienste sind das Zentrum unseres Gemeindelebens und offen f\u00fcr alle Interessierten. In ihnen laden wir Sie ein, sich durch die Lieder und die Predigt auf der Grundlage der Bibel mit Themen des Lebens zu besch\u00e4ftigen und in der Gemeinschaft die Gegenwart Gottes zu feiern oder &hellip; <\/p>\n<p class=\"link-more\"><a href=\"https:\/\/www.lifebase.org\/wp1\/programm\/gottesdienst\/\" class=\"more-link\"><span class=\"screen-reader-text\">\u201eGottesdienst\u201c<\/span> weiterlesen<\/a><\/p>\n","protected":false},"author":6,"featured_media":610,"parent":94,"menu_order":0,"comment_status":"closed","ping_status":"closed","template":"","meta":{"footnotes":""},"class_list":["post-164","page","type-page","status-publish","has-post-thumbnail","hentry"],"yoast_head":"<!-- This site is optimized with the Yoast SEO plugin v27.4 - https:\/\/yoast.com\/product\/yoast-seo-wordpress\/ -->\n<title>Gottesdienst -<\/title>\n<meta name=\"robots\" content=\"index, follow, max-snippet:-1, max-image-preview:large, max-video-preview:-1\" \/>\n<link rel=\"canonical\" href=\"https:\/\/www.lifebase.org\/wp1\/programm\/gottesdienst\/\" \/>\n<meta property=\"og:locale\" content=\"de_DE\" \/>\n<meta property=\"og:type\" content=\"article\" \/>\n<meta property=\"og:title\" content=\"Gottesdienst -\" \/>\n<meta property=\"og:description\" content=\"jeden Sonntag, 10:00 Uhr Aufatmen, auftanken, Gemeinschaft erleben \u2013 die Gottesdienste sind das Zentrum unseres Gemeindelebens und offen f\u00fcr alle Interessierten. In ihnen laden wir Sie ein, sich durch die Lieder und die Predigt auf der Grundlage der Bibel mit Themen des Lebens zu besch\u00e4ftigen und in der Gemeinschaft die Gegenwart Gottes zu feiern oder &hellip; \u201eGottesdienst\u201c weiterlesen\" \/>\n<meta property=\"og:url\" content=\"https:\/\/www.lifebase.org\/wp1\/programm\/gottesdienst\/\" \/>\n<meta property=\"article:modified_time\" content=\"2024-12-06T09:03:51+00:00\" \/>\n<meta property=\"og:image\" content=\"https:\/\/www.lifebase.org\/wp1\/wp-content\/uploads\/2021\/01\/HP_gottesdienst_900.jpg\" \/>\n\t<meta property=\"og:image:width\" content=\"900\" \/>\n\t<meta property=\"og:image:height\" content=\"564\" \/>\n\t<meta property=\"og:image:type\" content=\"image\/jpeg\" \/>\n<meta name=\"twitter:card\" content=\"summary_large_image\" \/>\n<meta name=\"twitter:label1\" content=\"Gesch\u00e4tzte Lesezeit\" \/>\n\t<meta name=\"twitter:data1\" content=\"2\u00a0Minuten\" \/>\n<script type=\"application\/ld+json\" class=\"yoast-schema-graph\">{\"@context\":\"https:\\\/\\\/schema.org\",\"@graph\":[{\"@type\":\"WebPage\",\"@id\":\"https:\\\/\\\/www.lifebase.org\\\/wp1\\\/programm\\\/gottesdienst\\\/\",\"url\":\"https:\\\/\\\/www.lifebase.org\\\/wp1\\\/programm\\\/gottesdienst\\\/\",\"name\":\"Gottesdienst -\",\"isPartOf\":{\"@id\":\"https:\\\/\\\/www.lifebase.org\\\/wp1\\\/#website\"},\"primaryImageOfPage\":{\"@id\":\"https:\\\/\\\/www.lifebase.org\\\/wp1\\\/programm\\\/gottesdienst\\\/#primaryimage\"},\"image\":{\"@id\":\"https:\\\/\\\/www.lifebase.org\\\/wp1\\\/programm\\\/gottesdienst\\\/#primaryimage\"},\"thumbnailUrl\":\"https:\\\/\\\/www.lifebase.org\\\/wp1\\\/wp-content\\\/uploads\\\/2021\\\/01\\\/HP_gottesdienst_900.jpg\",\"datePublished\":\"2020-04-23T18:30:40+00:00\",\"dateModified\":\"2024-12-06T09:03:51+00:00\",\"breadcrumb\":{\"@id\":\"https:\\\/\\\/www.lifebase.org\\\/wp1\\\/programm\\\/gottesdienst\\\/#breadcrumb\"},\"inLanguage\":\"de\",\"potentialAction\":[{\"@type\":\"ReadAction\",\"target\":[\"https:\\\/\\\/www.lifebase.org\\\/wp1\\\/programm\\\/gottesdienst\\\/\"]}]},{\"@type\":\"ImageObject\",\"inLanguage\":\"de\",\"@id\":\"https:\\\/\\\/www.lifebase.org\\\/wp1\\\/programm\\\/gottesdienst\\\/#primaryimage\",\"url\":\"https:\\\/\\\/www.lifebase.org\\\/wp1\\\/wp-content\\\/uploads\\\/2021\\\/01\\\/HP_gottesdienst_900.jpg\",\"contentUrl\":\"https:\\\/\\\/www.lifebase.org\\\/wp1\\\/wp-content\\\/uploads\\\/2021\\\/01\\\/HP_gottesdienst_900.jpg\",\"width\":900,\"height\":564},{\"@type\":\"BreadcrumbList\",\"@id\":\"https:\\\/\\\/www.lifebase.org\\\/wp1\\\/programm\\\/gottesdienst\\\/#breadcrumb\",\"itemListElement\":[{\"@type\":\"ListItem\",\"position\":1,\"name\":\"Startseite\",\"item\":\"https:\\\/\\\/www.lifebase.org\\\/wp1\\\/\"},{\"@type\":\"ListItem\",\"position\":2,\"name\":\"Programm\",\"item\":\"https:\\\/\\\/www.lifebase.org\\\/wp1\\\/programm\\\/\"},{\"@type\":\"ListItem\",\"position\":3,\"name\":\"Gottesdienst\"}]},{\"@type\":\"WebSite\",\"@id\":\"https:\\\/\\\/www.lifebase.org\\\/wp1\\\/#website\",\"url\":\"https:\\\/\\\/www.lifebase.org\\\/wp1\\\/\",\"name\":\"\",\"description\":\"Freie evangelische Gemeinde in Gerlingen\",\"potentialAction\":[{\"@type\":\"SearchAction\",\"target\":{\"@type\":\"EntryPoint\",\"urlTemplate\":\"https:\\\/\\\/www.lifebase.org\\\/wp1\\\/?s={search_term_string}\"},\"query-input\":{\"@type\":\"PropertyValueSpecification\",\"valueRequired\":true,\"valueName\":\"search_term_string\"}}],\"inLanguage\":\"de\"}]}<\/script>\n<!-- \/ Yoast SEO plugin. -->","yoast_head_json":{"title":"Gottesdienst -","robots":{"index":"index","follow":"follow","max-snippet":"max-snippet:-1","max-image-preview":"max-image-preview:large","max-video-preview":"max-video-preview:-1"},"canonical":"https:\/\/www.lifebase.org\/wp1\/programm\/gottesdienst\/","og_locale":"de_DE","og_type":"article","og_title":"Gottesdienst -","og_description":"jeden Sonntag, 10:00 Uhr Aufatmen, auftanken, Gemeinschaft erleben \u2013 die Gottesdienste sind das Zentrum unseres Gemeindelebens und offen f\u00fcr alle Interessierten. In ihnen laden wir Sie ein, sich durch die Lieder und die Predigt auf der Grundlage der Bibel mit Themen des Lebens zu besch\u00e4ftigen und in der Gemeinschaft die Gegenwart Gottes zu feiern oder &hellip; \u201eGottesdienst\u201c weiterlesen","og_url":"https:\/\/www.lifebase.org\/wp1\/programm\/gottesdienst\/","article_modified_time":"2024-12-06T09:03:51+00:00","og_image":[{"width":900,"height":564,"url":"https:\/\/www.lifebase.org\/wp1\/wp-content\/uploads\/2021\/01\/HP_gottesdienst_900.jpg","type":"image\/jpeg"}],"twitter_card":"summary_large_image","twitter_misc":{"Gesch\u00e4tzte Lesezeit":"2\u00a0Minuten"},"schema":{"@context":"https:\/\/schema.org","@graph":[{"@type":"WebPage","@id":"https:\/\/www.lifebase.org\/wp1\/programm\/gottesdienst\/","url":"https:\/\/www.lifebase.org\/wp1\/programm\/gottesdienst\/","name":"Gottesdienst -","isPartOf":{"@id":"https:\/\/www.lifebase.org\/wp1\/#website"},"primaryImageOfPage":{"@id":"https:\/\/www.lifebase.org\/wp1\/programm\/gottesdienst\/#primaryimage"},"image":{"@id":"https:\/\/www.lifebase.org\/wp1\/programm\/gottesdienst\/#primaryimage"},"thumbnailUrl":"https:\/\/www.lifebase.org\/wp1\/wp-content\/uploads\/2021\/01\/HP_gottesdienst_900.jpg","datePublished":"2020-04-23T18:30:40+00:00","dateModified":"2024-12-06T09:03:51+00:00","breadcrumb":{"@id":"https:\/\/www.lifebase.org\/wp1\/programm\/gottesdienst\/#breadcrumb"},"inLanguage":"de","potentialAction":[{"@type":"ReadAction","target":["https:\/\/www.lifebase.org\/wp1\/programm\/gottesdienst\/"]}]},{"@type":"ImageObject","inLanguage":"de","@id":"https:\/\/www.lifebase.org\/wp1\/programm\/gottesdienst\/#primaryimage","url":"https:\/\/www.lifebase.org\/wp1\/wp-content\/uploads\/2021\/01\/HP_gottesdienst_900.jpg","contentUrl":"https:\/\/www.lifebase.org\/wp1\/wp-content\/uploads\/2021\/01\/HP_gottesdienst_900.jpg","width":900,"height":564},{"@type":"BreadcrumbList","@id":"https:\/\/www.lifebase.org\/wp1\/programm\/gottesdienst\/#breadcrumb","itemListElement":[{"@type":"ListItem","position":1,"name":"Startseite","item":"https:\/\/www.lifebase.org\/wp1\/"},{"@type":"ListItem","position":2,"name":"Programm","item":"https:\/\/www.lifebase.org\/wp1\/programm\/"},{"@type":"ListItem","position":3,"name":"Gottesdienst"}]},{"@type":"WebSite","@id":"https:\/\/www.lifebase.org\/wp1\/#website","url":"https:\/\/www.lifebase.org\/wp1\/","name":"","description":"Freie evangelische Gemeinde in Gerlingen","potentialAction":[{"@type":"SearchAction","target":{"@type":"EntryPoint","urlTemplate":"https:\/\/www.lifebase.org\/wp1\/?s={search_term_string}"},"query-input":{"@type":"PropertyValueSpecification","valueRequired":true,"valueName":"search_term_string"}}],"inLanguage":"de"}]}},"_links":{"self":[{"href":"https:\/\/www.lifebase.org\/wp1\/wp-json\/wp\/v2\/pages\/164","targetHints":{"allow":["GET"]}}],"collection":[{"href":"https:\/\/www.lifebase.org\/wp1\/wp-json\/wp\/v2\/pages"}],"about":[{"href":"https:\/\/www.lifebase.org\/wp1\/wp-json\/wp\/v2\/types\/page"}],"author":[{"embeddable":true,"href":"https:\/\/www.lifebase.org\/wp1\/wp-json\/wp\/v2\/users\/6"}],"replies":[{"embeddable":true,"href":"https:\/\/www.lifebase.org\/wp1\/wp-json\/wp\/v2\/comments?post=164"}],"version-history":[{"count":13,"href":"https:\/\/www.lifebase.org\/wp1\/wp-json\/wp\/v2\/pages\/164\/revisions"}],"predecessor-version":[{"id":1969,"href":"https:\/\/www.lifebase.org\/wp1\/wp-json\/wp\/v2\/pages\/164\/revisions\/1969"}],"up":[{"embeddable":true,"href":"https:\/\/www.lifebase.org\/wp1\/wp-json\/wp\/v2\/pages\/94"}],"wp:featuredmedia":[{"embeddable":true,"href":"https:\/\/www.lifebase.org\/wp1\/wp-json\/wp\/v2\/media\/610"}],"wp:attachment":[{"href":"https:\/\/www.lifebase.org\/wp1\/wp-json\/wp\/v2\/media?parent=164"}],"curies":[{"name":"wp","href":"https:\/\/api.w.org\/{rel}","templated":true}]}}