{"id":1521,"date":"2023-08-14T18:59:37","date_gmt":"2023-08-14T16:59:37","guid":{"rendered":"http:\/\/lifebase.org.w0206e66.kasserver.com\/wp1\/?page_id=1521"},"modified":"2023-09-08T14:39:37","modified_gmt":"2023-09-08T12:39:37","slug":"die-bibel-ein-lebensbuch","status":"publish","type":"page","link":"https:\/\/www.lifebase.org\/wp1\/die-bibel-ein-lebensbuch\/","title":{"rendered":"Die Bibel ein Lebensbuch?!?"},"content":{"rendered":"\n<p><strong><mark style=\"background-color:rgba(0, 0, 0, 0);color:#3f7da1\" class=\"has-inline-color\">Sie kennt alle H\u00f6hen und Tiefen menschlichen Lebens und schenkt Menschen in den unterschiedlichsten Lebenslagen bis heute Antworten auf ihre grundlegendsten Lebensfragen. Trost und Hoffnung f\u00fcr ihren Alltag. Auch dir? Lies doch mal rein.<\/mark><\/strong><\/p>\n\n\n\n<p>Tats\u00e4chlich ist das Selbstverst\u00e4ndnis der Bibel genau das und noch viel mehr!<\/p>\n\n\n\n<p>Die Bibel besteht aus verschiedenen literarischen Gattungen wie Erz\u00e4hlungen, Briefe, Gleichnisse, Gesetze, Lieder, Spr\u00fcche und mehr. Jede dieser Gattung hat einen bestimmten Zweck.\u00a0So haben beispielsweise die Spr\u00fcche Salomos die Absicht lebensklug zu machen: In diesem Buch erz\u00e4hlt Salomo seinem Sohn, was wirklich wichtig ist, damit das Leben gut gelingen kann. Er zeigt ihm gewisse Gefahren auf, aber er spricht auch \u00fcber solche Dinge wie die Freuden der Partnerschaft und Sexualit\u00e4t. Und auch davon, wie zerst\u00f6rerisch ein falscher Gebrauch dieser g\u00f6ttlichen Erfindung sein kann.\u00a0<\/p>\n\n\n\n<p>\u00dcberhaupt ist die gesamte alttestamentliche Weisheit (z. B. Spr\u00fcche, Prediger, Hiob, Hohelied) sehr lesenswert. Darin besch\u00e4ftigen sich verschiedene Autoren mit wichtigen Lebensfragen, wie Leid, Lebensfreude und allgemein dem Sinn des Lebens.\u00a0Die Weisheitsliteratur will helfen ein gutes und erfolgreiches Leben zu f\u00fchren.\u00a0Hier ist es wirklich ein Lebensbuch, das den aufmerksamen Leser viel Gutes lehren kann. \u00a0 \u00a0<\/p>\n\n\n\n<p>Aber es geht in der Bibel nicht nur darum, wie das Leben gut gelingen kann. Ein Gro\u00dfteil des biblischen Materials besteht aus sinnstiftenden Erz\u00e4hlungen aus den Leben von Menschen wie Abraham, Mose, Rut, David, Daniel, Petrus, Paulus, Jesus \u2013 um nur einige zu nennen. Diese Erz\u00e4hlungen berichten, wie sie Gott begegnen und ihn erleben. Anhand ihrer Leben sehen wir Gottes Eingreifen in die Geschicke dieser Welt.&nbsp;Hier k\u00f6nnen aufmerksame Leser entdecken, welche gro\u00dfartige Zukunft Gott f\u00fcr uns bereith\u00e4lt und auch, was man im eigenen Leben von Gott erwarten kann.<\/p>\n\n\n\n<p>All das finde ich pers\u00f6nlich sehr interessant, aber das wohl Wichtigste, was dieses Lebensbuch \u00bbBibel\u00ab zu geben hat, sind die Berichte \u00fcber das Leben Jesu und was er in dieser und f\u00fcr diese Welt getan hat, ja was er f\u00fcr dich getan hat.\u00a0<\/p>\n\n\n\n<p>Johannes fasst die Wichtigkeit der Berichte Jesus sch\u00f6n zusammen, wenn er schreibt: <em>\u00bbNoch viele andere Zeichen tat Jesus vor seinen J\u00fcngern, die nicht geschrieben sind in diesem Buch. Diese aber sind geschrieben, damit ihr glaubt, dass Jesus der Christus ist, der Sohn Gottes, und damit ihr, weil ihr glaubt, das Leben habt in seinem Namen.\u00ab<\/em><mark style=\"background-color:rgba(0, 0, 0, 0)\" class=\"has-inline-color has-cyan-bluish-gray-color\"> (Johannes 20,30\u201331)<\/mark><\/p>\n\n\n\n<p>Darum geht es letztendlich allen biblischen Autoren: Wenn Menschen die Berichte in der Bibel lesen, soll etwas mit ihnen passieren \u2013 sie sollen vom Unglauben oder m\u00f6glicherweise von einer Art Gleichg\u00fcltigkeit in die Welt der biblischen Erz\u00e4hlungen mit hineingenommen und zum Glauben gef\u00fchrt werden.<\/p>\n\n\n\n<p>Vielleicht fragst du dich, was dieser Jesus den Menschen bringen kann und was es mit deinem Leben zu tun hat? Die Bibel verspricht denen, die an Jesus, den Sohn Gottes, glauben, ein erf\u00fclltes Leben in der Gegenwart und auch in der Zukunft. Wenn du wissen willst, wie genau das aussieht, dann empfehle ich dir dieses \u00bbLebensbuch\u00ab zu lesen. Denn die Bibel hilft eben nicht nur heute ein gutes Leben zu f\u00fchren, sondern sie verspricht auch, dir den Weg zu einem ewigen Lebens zeigen zu k\u00f6nnen.\u00a0<strong><mark style=\"background-color:rgba(0, 0, 0, 0);color:#3f7da1\" class=\"has-inline-color\">In diesem Sinne ist es wirklich ein \u00bbLebensbuch\u00ab \u2013 ein Buch, das zum ewigen Leben f\u00fchrt!<\/mark><\/strong><\/p>\n\n\n\n<p>Lies doch mal die vier Evangelien und lerne diesen Weg kennen. Und eine Kleinigkeit verrate ich dir jetzt schon: Jesus sagt, dass er selbst dieser Weg ist:<\/p>\n\n\n\n<p>Die Bibel &gt; <a href=\"https:\/\/www.bibleserver.com\/\">https:\/\/www.bibleserver.com\/<\/a><\/p>\n\n\n\n<p><strong>Hast du noch weitere Fragen zum Leben und Glauben? Dann kannst du dich gerne an unseren Pastor Peter Isaak (<a href=\"mailto:peter.isaak@lifebase.org\" target=\"_blank\" rel=\"noreferrer noopener\">peter.isaak@lifebase.org<\/a>) wenden.<\/strong><\/p>\n","protected":false},"excerpt":{"rendered":"<p>Sie kennt alle H\u00f6hen und Tiefen menschlichen Lebens und schenkt Menschen in den unterschiedlichsten Lebenslagen bis heute Antworten auf ihre grundlegendsten Lebensfragen. Trost und Hoffnung f\u00fcr ihren Alltag. Auch dir? Lies doch mal rein. Tats\u00e4chlich ist das Selbstverst\u00e4ndnis der Bibel genau das und noch viel mehr! Die Bibel besteht aus verschiedenen literarischen Gattungen wie Erz\u00e4hlungen, &hellip; <\/p>\n<p class=\"link-more\"><a href=\"https:\/\/www.lifebase.org\/wp1\/die-bibel-ein-lebensbuch\/\" class=\"more-link\"><span class=\"screen-reader-text\">\u201eDie Bibel ein Lebensbuch?!?\u201c<\/span> weiterlesen<\/a><\/p>\n","protected":false},"author":5,"featured_media":1545,"parent":0,"menu_order":0,"comment_status":"closed","ping_status":"closed","template":"","meta":{"footnotes":""},"class_list":["post-1521","page","type-page","status-publish","has-post-thumbnail","hentry"],"yoast_head":"<!-- This site is optimized with the Yoast SEO plugin v27.4 - https:\/\/yoast.com\/product\/yoast-seo-wordpress\/ -->\n<title>Die Bibel ein Lebensbuch?!? -<\/title>\n<meta name=\"robots\" content=\"index, follow, max-snippet:-1, max-image-preview:large, max-video-preview:-1\" \/>\n<link rel=\"canonical\" href=\"https:\/\/www.lifebase.org\/wp1\/die-bibel-ein-lebensbuch\/\" \/>\n<meta property=\"og:locale\" content=\"de_DE\" \/>\n<meta property=\"og:type\" content=\"article\" \/>\n<meta property=\"og:title\" content=\"Die Bibel ein Lebensbuch?!? -\" \/>\n<meta property=\"og:description\" content=\"Sie kennt alle H\u00f6hen und Tiefen menschlichen Lebens und schenkt Menschen in den unterschiedlichsten Lebenslagen bis heute Antworten auf ihre grundlegendsten Lebensfragen. Trost und Hoffnung f\u00fcr ihren Alltag. Auch dir? Lies doch mal rein. Tats\u00e4chlich ist das Selbstverst\u00e4ndnis der Bibel genau das und noch viel mehr! Die Bibel besteht aus verschiedenen literarischen Gattungen wie Erz\u00e4hlungen, &hellip; \u201eDie Bibel ein Lebensbuch?!?\u201c weiterlesen\" \/>\n<meta property=\"og:url\" content=\"https:\/\/www.lifebase.org\/wp1\/die-bibel-ein-lebensbuch\/\" \/>\n<meta property=\"article:modified_time\" content=\"2023-09-08T12:39:37+00:00\" \/>\n<meta property=\"og:image\" content=\"https:\/\/www.lifebase.org\/wp1\/wp-content\/uploads\/2023\/08\/Plakatback_03_900.jpg\" \/>\n\t<meta property=\"og:image:width\" content=\"900\" \/>\n\t<meta property=\"og:image:height\" content=\"643\" \/>\n\t<meta property=\"og:image:type\" content=\"image\/jpeg\" \/>\n<meta name=\"twitter:card\" content=\"summary_large_image\" \/>\n<meta name=\"twitter:label1\" content=\"Gesch\u00e4tzte Lesezeit\" \/>\n\t<meta name=\"twitter:data1\" content=\"4\u00a0Minuten\" \/>\n<script type=\"application\/ld+json\" class=\"yoast-schema-graph\">{\"@context\":\"https:\\\/\\\/schema.org\",\"@graph\":[{\"@type\":\"WebPage\",\"@id\":\"https:\\\/\\\/www.lifebase.org\\\/wp1\\\/die-bibel-ein-lebensbuch\\\/\",\"url\":\"https:\\\/\\\/www.lifebase.org\\\/wp1\\\/die-bibel-ein-lebensbuch\\\/\",\"name\":\"Die Bibel ein Lebensbuch?!? -\",\"isPartOf\":{\"@id\":\"https:\\\/\\\/www.lifebase.org\\\/wp1\\\/#website\"},\"primaryImageOfPage\":{\"@id\":\"https:\\\/\\\/www.lifebase.org\\\/wp1\\\/die-bibel-ein-lebensbuch\\\/#primaryimage\"},\"image\":{\"@id\":\"https:\\\/\\\/www.lifebase.org\\\/wp1\\\/die-bibel-ein-lebensbuch\\\/#primaryimage\"},\"thumbnailUrl\":\"https:\\\/\\\/www.lifebase.org\\\/wp1\\\/wp-content\\\/uploads\\\/2023\\\/08\\\/Plakatback_03_900.jpg\",\"datePublished\":\"2023-08-14T16:59:37+00:00\",\"dateModified\":\"2023-09-08T12:39:37+00:00\",\"breadcrumb\":{\"@id\":\"https:\\\/\\\/www.lifebase.org\\\/wp1\\\/die-bibel-ein-lebensbuch\\\/#breadcrumb\"},\"inLanguage\":\"de\",\"potentialAction\":[{\"@type\":\"ReadAction\",\"target\":[\"https:\\\/\\\/www.lifebase.org\\\/wp1\\\/die-bibel-ein-lebensbuch\\\/\"]}]},{\"@type\":\"ImageObject\",\"inLanguage\":\"de\",\"@id\":\"https:\\\/\\\/www.lifebase.org\\\/wp1\\\/die-bibel-ein-lebensbuch\\\/#primaryimage\",\"url\":\"https:\\\/\\\/www.lifebase.org\\\/wp1\\\/wp-content\\\/uploads\\\/2023\\\/08\\\/Plakatback_03_900.jpg\",\"contentUrl\":\"https:\\\/\\\/www.lifebase.org\\\/wp1\\\/wp-content\\\/uploads\\\/2023\\\/08\\\/Plakatback_03_900.jpg\",\"width\":900,\"height\":643},{\"@type\":\"BreadcrumbList\",\"@id\":\"https:\\\/\\\/www.lifebase.org\\\/wp1\\\/die-bibel-ein-lebensbuch\\\/#breadcrumb\",\"itemListElement\":[{\"@type\":\"ListItem\",\"position\":1,\"name\":\"Startseite\",\"item\":\"https:\\\/\\\/www.lifebase.org\\\/wp1\\\/\"},{\"@type\":\"ListItem\",\"position\":2,\"name\":\"Die Bibel ein Lebensbuch?!?\"}]},{\"@type\":\"WebSite\",\"@id\":\"https:\\\/\\\/www.lifebase.org\\\/wp1\\\/#website\",\"url\":\"https:\\\/\\\/www.lifebase.org\\\/wp1\\\/\",\"name\":\"\",\"description\":\"Freie evangelische Gemeinde in Gerlingen\",\"potentialAction\":[{\"@type\":\"SearchAction\",\"target\":{\"@type\":\"EntryPoint\",\"urlTemplate\":\"https:\\\/\\\/www.lifebase.org\\\/wp1\\\/?s={search_term_string}\"},\"query-input\":{\"@type\":\"PropertyValueSpecification\",\"valueRequired\":true,\"valueName\":\"search_term_string\"}}],\"inLanguage\":\"de\"}]}<\/script>\n<!-- \/ Yoast SEO plugin. -->","yoast_head_json":{"title":"Die Bibel ein Lebensbuch?!? -","robots":{"index":"index","follow":"follow","max-snippet":"max-snippet:-1","max-image-preview":"max-image-preview:large","max-video-preview":"max-video-preview:-1"},"canonical":"https:\/\/www.lifebase.org\/wp1\/die-bibel-ein-lebensbuch\/","og_locale":"de_DE","og_type":"article","og_title":"Die Bibel ein Lebensbuch?!? -","og_description":"Sie kennt alle H\u00f6hen und Tiefen menschlichen Lebens und schenkt Menschen in den unterschiedlichsten Lebenslagen bis heute Antworten auf ihre grundlegendsten Lebensfragen. Trost und Hoffnung f\u00fcr ihren Alltag. Auch dir? Lies doch mal rein. Tats\u00e4chlich ist das Selbstverst\u00e4ndnis der Bibel genau das und noch viel mehr! Die Bibel besteht aus verschiedenen literarischen Gattungen wie Erz\u00e4hlungen, &hellip; \u201eDie Bibel ein Lebensbuch?!?\u201c weiterlesen","og_url":"https:\/\/www.lifebase.org\/wp1\/die-bibel-ein-lebensbuch\/","article_modified_time":"2023-09-08T12:39:37+00:00","og_image":[{"width":900,"height":643,"url":"https:\/\/www.lifebase.org\/wp1\/wp-content\/uploads\/2023\/08\/Plakatback_03_900.jpg","type":"image\/jpeg"}],"twitter_card":"summary_large_image","twitter_misc":{"Gesch\u00e4tzte Lesezeit":"4\u00a0Minuten"},"schema":{"@context":"https:\/\/schema.org","@graph":[{"@type":"WebPage","@id":"https:\/\/www.lifebase.org\/wp1\/die-bibel-ein-lebensbuch\/","url":"https:\/\/www.lifebase.org\/wp1\/die-bibel-ein-lebensbuch\/","name":"Die Bibel ein Lebensbuch?!? -","isPartOf":{"@id":"https:\/\/www.lifebase.org\/wp1\/#website"},"primaryImageOfPage":{"@id":"https:\/\/www.lifebase.org\/wp1\/die-bibel-ein-lebensbuch\/#primaryimage"},"image":{"@id":"https:\/\/www.lifebase.org\/wp1\/die-bibel-ein-lebensbuch\/#primaryimage"},"thumbnailUrl":"https:\/\/www.lifebase.org\/wp1\/wp-content\/uploads\/2023\/08\/Plakatback_03_900.jpg","datePublished":"2023-08-14T16:59:37+00:00","dateModified":"2023-09-08T12:39:37+00:00","breadcrumb":{"@id":"https:\/\/www.lifebase.org\/wp1\/die-bibel-ein-lebensbuch\/#breadcrumb"},"inLanguage":"de","potentialAction":[{"@type":"ReadAction","target":["https:\/\/www.lifebase.org\/wp1\/die-bibel-ein-lebensbuch\/"]}]},{"@type":"ImageObject","inLanguage":"de","@id":"https:\/\/www.lifebase.org\/wp1\/die-bibel-ein-lebensbuch\/#primaryimage","url":"https:\/\/www.lifebase.org\/wp1\/wp-content\/uploads\/2023\/08\/Plakatback_03_900.jpg","contentUrl":"https:\/\/www.lifebase.org\/wp1\/wp-content\/uploads\/2023\/08\/Plakatback_03_900.jpg","width":900,"height":643},{"@type":"BreadcrumbList","@id":"https:\/\/www.lifebase.org\/wp1\/die-bibel-ein-lebensbuch\/#breadcrumb","itemListElement":[{"@type":"ListItem","position":1,"name":"Startseite","item":"https:\/\/www.lifebase.org\/wp1\/"},{"@type":"ListItem","position":2,"name":"Die Bibel ein Lebensbuch?!?"}]},{"@type":"WebSite","@id":"https:\/\/www.lifebase.org\/wp1\/#website","url":"https:\/\/www.lifebase.org\/wp1\/","name":"","description":"Freie evangelische Gemeinde in Gerlingen","potentialAction":[{"@type":"SearchAction","target":{"@type":"EntryPoint","urlTemplate":"https:\/\/www.lifebase.org\/wp1\/?s={search_term_string}"},"query-input":{"@type":"PropertyValueSpecification","valueRequired":true,"valueName":"search_term_string"}}],"inLanguage":"de"}]}},"_links":{"self":[{"href":"https:\/\/www.lifebase.org\/wp1\/wp-json\/wp\/v2\/pages\/1521","targetHints":{"allow":["GET"]}}],"collection":[{"href":"https:\/\/www.lifebase.org\/wp1\/wp-json\/wp\/v2\/pages"}],"about":[{"href":"https:\/\/www.lifebase.org\/wp1\/wp-json\/wp\/v2\/types\/page"}],"author":[{"embeddable":true,"href":"https:\/\/www.lifebase.org\/wp1\/wp-json\/wp\/v2\/users\/5"}],"replies":[{"embeddable":true,"href":"https:\/\/www.lifebase.org\/wp1\/wp-json\/wp\/v2\/comments?post=1521"}],"version-history":[{"count":9,"href":"https:\/\/www.lifebase.org\/wp1\/wp-json\/wp\/v2\/pages\/1521\/revisions"}],"predecessor-version":[{"id":1659,"href":"https:\/\/www.lifebase.org\/wp1\/wp-json\/wp\/v2\/pages\/1521\/revisions\/1659"}],"wp:featuredmedia":[{"embeddable":true,"href":"https:\/\/www.lifebase.org\/wp1\/wp-json\/wp\/v2\/media\/1545"}],"wp:attachment":[{"href":"https:\/\/www.lifebase.org\/wp1\/wp-json\/wp\/v2\/media?parent=1521"}],"curies":[{"name":"wp","href":"https:\/\/api.w.org\/{rel}","templated":true}]}}