{"id":1318,"date":"2022-12-02T12:57:28","date_gmt":"2022-12-02T11:57:28","guid":{"rendered":"http:\/\/lifebase.org.w0206e66.kasserver.com\/wp1\/?page_id=1318"},"modified":"2026-03-05T17:48:30","modified_gmt":"2026-03-05T16:48:30","slug":"muki-mutter-kind-gruppe","status":"publish","type":"page","link":"https:\/\/www.lifebase.org\/wp1\/muki-mutter-kind-gruppe\/","title":{"rendered":"MUKI &#8211; Mutter-Kind-Gruppe"},"content":{"rendered":"\n<p class=\"has-text-align-right\"><em><span style=\"color:#326e91\" class=\"has-inline-color\">Dienstag, 9:30 Uhr<\/span><\/em> <em>(findet momentan nach Absprache statt)<\/em><\/p>\n\n\n\n<p>Wenn Du schwanger bist, ein Baby oder Kleinkind hast oder auch deine Kinder im Kindergarten sind und du Lust auf Gemeinschaft mit anderen M\u00fcttern hast, laden wir Dich herzlich zu MUKI ein. Wir treffen uns jeden Dienstag um 9:30 Uhr zum gemeinsamen Fr\u00fchst\u00fcck, zum Mama-Talk und zum Spielen. Aber bevor wir unseren Kaffee genie\u00dfen, singen wir mit den Kindern Bewegungslieder oder sagen Kinderreime auf, die ihnen Jesus nahebringen. Danach begeben wir uns an den reich gedeckten Tisch, zu dem jeder eine Kleinigkeit mitbringen darf.&nbsp;<\/p>\n\n\n\n<p><\/p>\n","protected":false},"excerpt":{"rendered":"<p>Dienstag, 9:30 Uhr (findet momentan nach Absprache statt) Wenn Du schwanger bist, ein Baby oder Kleinkind hast oder auch deine Kinder im Kindergarten sind und du Lust auf Gemeinschaft mit anderen M\u00fcttern hast, laden wir Dich herzlich zu MUKI ein. Wir treffen uns jeden Dienstag um 9:30 Uhr zum gemeinsamen Fr\u00fchst\u00fcck, zum Mama-Talk und zum &hellip; <\/p>\n<p class=\"link-more\"><a href=\"https:\/\/www.lifebase.org\/wp1\/muki-mutter-kind-gruppe\/\" class=\"more-link\"><span class=\"screen-reader-text\">\u201eMUKI &#8211; Mutter-Kind-Gruppe\u201c<\/span> weiterlesen<\/a><\/p>\n","protected":false},"author":5,"featured_media":1316,"parent":0,"menu_order":0,"comment_status":"closed","ping_status":"closed","template":"","meta":{"footnotes":""},"class_list":["post-1318","page","type-page","status-publish","has-post-thumbnail","hentry"],"yoast_head":"<!-- This site is optimized with the Yoast SEO plugin v27.4 - https:\/\/yoast.com\/product\/yoast-seo-wordpress\/ -->\n<title>MUKI - Mutter-Kind-Gruppe -<\/title>\n<meta name=\"robots\" content=\"index, follow, max-snippet:-1, max-image-preview:large, max-video-preview:-1\" \/>\n<link rel=\"canonical\" href=\"https:\/\/www.lifebase.org\/wp1\/muki-mutter-kind-gruppe\/\" \/>\n<meta property=\"og:locale\" content=\"de_DE\" \/>\n<meta property=\"og:type\" content=\"article\" \/>\n<meta property=\"og:title\" content=\"MUKI - Mutter-Kind-Gruppe -\" \/>\n<meta property=\"og:description\" content=\"Dienstag, 9:30 Uhr (findet momentan nach Absprache statt) Wenn Du schwanger bist, ein Baby oder Kleinkind hast oder auch deine Kinder im Kindergarten sind und du Lust auf Gemeinschaft mit anderen M\u00fcttern hast, laden wir Dich herzlich zu MUKI ein. Wir treffen uns jeden Dienstag um 9:30 Uhr zum gemeinsamen Fr\u00fchst\u00fcck, zum Mama-Talk und zum &hellip; \u201eMUKI &#8211; Mutter-Kind-Gruppe\u201c weiterlesen\" \/>\n<meta property=\"og:url\" content=\"https:\/\/www.lifebase.org\/wp1\/muki-mutter-kind-gruppe\/\" \/>\n<meta property=\"article:modified_time\" content=\"2026-03-05T16:48:30+00:00\" \/>\n<meta property=\"og:image\" content=\"https:\/\/www.lifebase.org\/wp1\/wp-content\/uploads\/2022\/12\/HP_MUKI.jpg\" \/>\n\t<meta property=\"og:image:width\" content=\"900\" \/>\n\t<meta property=\"og:image:height\" content=\"564\" \/>\n\t<meta property=\"og:image:type\" content=\"image\/jpeg\" \/>\n<meta name=\"twitter:card\" content=\"summary_large_image\" \/>\n<meta name=\"twitter:label1\" content=\"Gesch\u00e4tzte Lesezeit\" \/>\n\t<meta name=\"twitter:data1\" content=\"1\u00a0Minute\" \/>\n<script type=\"application\/ld+json\" class=\"yoast-schema-graph\">{\"@context\":\"https:\\\/\\\/schema.org\",\"@graph\":[{\"@type\":\"WebPage\",\"@id\":\"https:\\\/\\\/www.lifebase.org\\\/wp1\\\/muki-mutter-kind-gruppe\\\/\",\"url\":\"https:\\\/\\\/www.lifebase.org\\\/wp1\\\/muki-mutter-kind-gruppe\\\/\",\"name\":\"MUKI - Mutter-Kind-Gruppe -\",\"isPartOf\":{\"@id\":\"https:\\\/\\\/www.lifebase.org\\\/wp1\\\/#website\"},\"primaryImageOfPage\":{\"@id\":\"https:\\\/\\\/www.lifebase.org\\\/wp1\\\/muki-mutter-kind-gruppe\\\/#primaryimage\"},\"image\":{\"@id\":\"https:\\\/\\\/www.lifebase.org\\\/wp1\\\/muki-mutter-kind-gruppe\\\/#primaryimage\"},\"thumbnailUrl\":\"https:\\\/\\\/www.lifebase.org\\\/wp1\\\/wp-content\\\/uploads\\\/2022\\\/12\\\/HP_MUKI.jpg\",\"datePublished\":\"2022-12-02T11:57:28+00:00\",\"dateModified\":\"2026-03-05T16:48:30+00:00\",\"breadcrumb\":{\"@id\":\"https:\\\/\\\/www.lifebase.org\\\/wp1\\\/muki-mutter-kind-gruppe\\\/#breadcrumb\"},\"inLanguage\":\"de\",\"potentialAction\":[{\"@type\":\"ReadAction\",\"target\":[\"https:\\\/\\\/www.lifebase.org\\\/wp1\\\/muki-mutter-kind-gruppe\\\/\"]}]},{\"@type\":\"ImageObject\",\"inLanguage\":\"de\",\"@id\":\"https:\\\/\\\/www.lifebase.org\\\/wp1\\\/muki-mutter-kind-gruppe\\\/#primaryimage\",\"url\":\"https:\\\/\\\/www.lifebase.org\\\/wp1\\\/wp-content\\\/uploads\\\/2022\\\/12\\\/HP_MUKI.jpg\",\"contentUrl\":\"https:\\\/\\\/www.lifebase.org\\\/wp1\\\/wp-content\\\/uploads\\\/2022\\\/12\\\/HP_MUKI.jpg\",\"width\":900,\"height\":564},{\"@type\":\"BreadcrumbList\",\"@id\":\"https:\\\/\\\/www.lifebase.org\\\/wp1\\\/muki-mutter-kind-gruppe\\\/#breadcrumb\",\"itemListElement\":[{\"@type\":\"ListItem\",\"position\":1,\"name\":\"Startseite\",\"item\":\"https:\\\/\\\/www.lifebase.org\\\/wp1\\\/\"},{\"@type\":\"ListItem\",\"position\":2,\"name\":\"MUKI &#8211; Mutter-Kind-Gruppe\"}]},{\"@type\":\"WebSite\",\"@id\":\"https:\\\/\\\/www.lifebase.org\\\/wp1\\\/#website\",\"url\":\"https:\\\/\\\/www.lifebase.org\\\/wp1\\\/\",\"name\":\"\",\"description\":\"Freie evangelische Gemeinde in Gerlingen\",\"potentialAction\":[{\"@type\":\"SearchAction\",\"target\":{\"@type\":\"EntryPoint\",\"urlTemplate\":\"https:\\\/\\\/www.lifebase.org\\\/wp1\\\/?s={search_term_string}\"},\"query-input\":{\"@type\":\"PropertyValueSpecification\",\"valueRequired\":true,\"valueName\":\"search_term_string\"}}],\"inLanguage\":\"de\"}]}<\/script>\n<!-- \/ Yoast SEO plugin. -->","yoast_head_json":{"title":"MUKI - Mutter-Kind-Gruppe -","robots":{"index":"index","follow":"follow","max-snippet":"max-snippet:-1","max-image-preview":"max-image-preview:large","max-video-preview":"max-video-preview:-1"},"canonical":"https:\/\/www.lifebase.org\/wp1\/muki-mutter-kind-gruppe\/","og_locale":"de_DE","og_type":"article","og_title":"MUKI - Mutter-Kind-Gruppe -","og_description":"Dienstag, 9:30 Uhr (findet momentan nach Absprache statt) Wenn Du schwanger bist, ein Baby oder Kleinkind hast oder auch deine Kinder im Kindergarten sind und du Lust auf Gemeinschaft mit anderen M\u00fcttern hast, laden wir Dich herzlich zu MUKI ein. Wir treffen uns jeden Dienstag um 9:30 Uhr zum gemeinsamen Fr\u00fchst\u00fcck, zum Mama-Talk und zum &hellip; \u201eMUKI &#8211; Mutter-Kind-Gruppe\u201c weiterlesen","og_url":"https:\/\/www.lifebase.org\/wp1\/muki-mutter-kind-gruppe\/","article_modified_time":"2026-03-05T16:48:30+00:00","og_image":[{"width":900,"height":564,"url":"https:\/\/www.lifebase.org\/wp1\/wp-content\/uploads\/2022\/12\/HP_MUKI.jpg","type":"image\/jpeg"}],"twitter_card":"summary_large_image","twitter_misc":{"Gesch\u00e4tzte Lesezeit":"1\u00a0Minute"},"schema":{"@context":"https:\/\/schema.org","@graph":[{"@type":"WebPage","@id":"https:\/\/www.lifebase.org\/wp1\/muki-mutter-kind-gruppe\/","url":"https:\/\/www.lifebase.org\/wp1\/muki-mutter-kind-gruppe\/","name":"MUKI - Mutter-Kind-Gruppe -","isPartOf":{"@id":"https:\/\/www.lifebase.org\/wp1\/#website"},"primaryImageOfPage":{"@id":"https:\/\/www.lifebase.org\/wp1\/muki-mutter-kind-gruppe\/#primaryimage"},"image":{"@id":"https:\/\/www.lifebase.org\/wp1\/muki-mutter-kind-gruppe\/#primaryimage"},"thumbnailUrl":"https:\/\/www.lifebase.org\/wp1\/wp-content\/uploads\/2022\/12\/HP_MUKI.jpg","datePublished":"2022-12-02T11:57:28+00:00","dateModified":"2026-03-05T16:48:30+00:00","breadcrumb":{"@id":"https:\/\/www.lifebase.org\/wp1\/muki-mutter-kind-gruppe\/#breadcrumb"},"inLanguage":"de","potentialAction":[{"@type":"ReadAction","target":["https:\/\/www.lifebase.org\/wp1\/muki-mutter-kind-gruppe\/"]}]},{"@type":"ImageObject","inLanguage":"de","@id":"https:\/\/www.lifebase.org\/wp1\/muki-mutter-kind-gruppe\/#primaryimage","url":"https:\/\/www.lifebase.org\/wp1\/wp-content\/uploads\/2022\/12\/HP_MUKI.jpg","contentUrl":"https:\/\/www.lifebase.org\/wp1\/wp-content\/uploads\/2022\/12\/HP_MUKI.jpg","width":900,"height":564},{"@type":"BreadcrumbList","@id":"https:\/\/www.lifebase.org\/wp1\/muki-mutter-kind-gruppe\/#breadcrumb","itemListElement":[{"@type":"ListItem","position":1,"name":"Startseite","item":"https:\/\/www.lifebase.org\/wp1\/"},{"@type":"ListItem","position":2,"name":"MUKI &#8211; Mutter-Kind-Gruppe"}]},{"@type":"WebSite","@id":"https:\/\/www.lifebase.org\/wp1\/#website","url":"https:\/\/www.lifebase.org\/wp1\/","name":"","description":"Freie evangelische Gemeinde in Gerlingen","potentialAction":[{"@type":"SearchAction","target":{"@type":"EntryPoint","urlTemplate":"https:\/\/www.lifebase.org\/wp1\/?s={search_term_string}"},"query-input":{"@type":"PropertyValueSpecification","valueRequired":true,"valueName":"search_term_string"}}],"inLanguage":"de"}]}},"_links":{"self":[{"href":"https:\/\/www.lifebase.org\/wp1\/wp-json\/wp\/v2\/pages\/1318","targetHints":{"allow":["GET"]}}],"collection":[{"href":"https:\/\/www.lifebase.org\/wp1\/wp-json\/wp\/v2\/pages"}],"about":[{"href":"https:\/\/www.lifebase.org\/wp1\/wp-json\/wp\/v2\/types\/page"}],"author":[{"embeddable":true,"href":"https:\/\/www.lifebase.org\/wp1\/wp-json\/wp\/v2\/users\/5"}],"replies":[{"embeddable":true,"href":"https:\/\/www.lifebase.org\/wp1\/wp-json\/wp\/v2\/comments?post=1318"}],"version-history":[{"count":3,"href":"https:\/\/www.lifebase.org\/wp1\/wp-json\/wp\/v2\/pages\/1318\/revisions"}],"predecessor-version":[{"id":2279,"href":"https:\/\/www.lifebase.org\/wp1\/wp-json\/wp\/v2\/pages\/1318\/revisions\/2279"}],"wp:featuredmedia":[{"embeddable":true,"href":"https:\/\/www.lifebase.org\/wp1\/wp-json\/wp\/v2\/media\/1316"}],"wp:attachment":[{"href":"https:\/\/www.lifebase.org\/wp1\/wp-json\/wp\/v2\/media?parent=1318"}],"curies":[{"name":"wp","href":"https:\/\/api.w.org\/{rel}","templated":true}]}}